{"id":958,"date":"2021-11-30T20:36:29","date_gmt":"2021-11-30T19:36:29","guid":{"rendered":"http:\/\/gluszyna.stronaedu.pl\/?page_id=958"},"modified":"2025-03-12T14:25:41","modified_gmt":"2025-03-12T13:25:41","slug":"opieka-zdrowotna","status":"publish","type":"page","link":"https:\/\/zsipo5.poznan.pl\/index.php\/dokumenty\/opieka-zdrowotna\/","title":{"rendered":"Opieka zdrowotna"},"content":{"rendered":"\n<p><strong>Piel\u0119gniarka <\/strong><\/p>\n\n\n\n<p>Poniedzia\u0142ek 8.00-13.00<\/p>\n\n\n\n<p>Czwartek 8.00-13.00<\/p>\n\n\n\n<p><strong>Stomatolog<\/strong><\/p>\n\n\n\n<p><strong>lek. stom. Gra\u017cyna \u0106wintal <\/strong><\/p>\n\n\n\n<p>Poniedzia\u0142ek 8.00-14.00<\/p>\n\n\n\n<p>\u015aroda 12.00-18.00<\/p>\n\n\n\n<p>Pi\u0105tek 15.00-18.00<\/p>\n\n\n\n<p>tel. 602-797-375<\/p>\n","protected":false},"excerpt":{"rendered":"<p>Piel\u0119gniarka Poniedzia\u0142ek 8.00-13.00 Czwartek 8.00-13.00 Stomatolog lek. stom. Gra\u017cyna \u0106wintal Poniedzia\u0142ek 8.00-14.00 \u015aroda 12.00-18.00 Pi\u0105tek 15.00-18.00 tel. 602-797-375<\/p>\n","protected":false},"author":6,"featured_media":0,"parent":21,"menu_order":0,"comment_status":"closed","ping_status":"closed","template":"","meta":{"footnotes":""},"class_list":["post-958","page","type-page","status-publish","hentry"],"_links":{"self":[{"href":"https:\/\/zsipo5.poznan.pl\/index.php\/wp-json\/wp\/v2\/pages\/958","targetHints":{"allow":["GET"]}}],"collection":[{"href":"https:\/\/zsipo5.poznan.pl\/index.php\/wp-json\/wp\/v2\/pages"}],"about":[{"href":"https:\/\/zsipo5.poznan.pl\/index.php\/wp-json\/wp\/v2\/types\/page"}],"author":[{"embeddable":true,"href":"https:\/\/zsipo5.poznan.pl\/index.php\/wp-json\/wp\/v2\/users\/6"}],"replies":[{"embeddable":true,"href":"https:\/\/zsipo5.poznan.pl\/index.php\/wp-json\/wp\/v2\/comments?post=958"}],"version-history":[{"count":4,"href":"https:\/\/zsipo5.poznan.pl\/index.php\/wp-json\/wp\/v2\/pages\/958\/revisions"}],"predecessor-version":[{"id":4606,"href":"https:\/\/zsipo5.poznan.pl\/index.php\/wp-json\/wp\/v2\/pages\/958\/revisions\/4606"}],"up":[{"embeddable":true,"href":"https:\/\/zsipo5.poznan.pl\/index.php\/wp-json\/wp\/v2\/pages\/21"}],"wp:attachment":[{"href":"https:\/\/zsipo5.poznan.pl\/index.php\/wp-json\/wp\/v2\/media?parent=958"}],"curies":[{"name":"wp","href":"https:\/\/api.w.org\/{rel}","templated":true}]}}