{"id":7308,"date":"2026-03-15T15:50:22","date_gmt":"2026-03-15T14:50:22","guid":{"rendered":"https:\/\/zsipo5.poznan.pl\/?page_id=7308"},"modified":"2026-03-15T15:51:03","modified_gmt":"2026-03-15T14:51:03","slug":"13-marca-2026","status":"publish","type":"page","link":"https:\/\/zsipo5.poznan.pl\/index.php\/13-marca-2026\/","title":{"rendered":"13 marca 2026"},"content":{"rendered":"\n<p id=\"m_-5294521901323430374m_3288888832556300987gmail-docs-internal-guid-ea63f030-7fff-d477-6e61-2d00fac36248\">Wiosna zagl\u0105da do \u015bwietlicy<\/p>\n\n\n\n<p>W minionym tygodniu w \u015bwietlicy nie brakowa\u0142o ciekawych zaj\u0119\u0107 i tw\u00f3rczych dzia\u0142a\u0144. W ramach prac plastycznych dzieci wykonywa\u0142y prace przedstawiaj\u0105ce ptaki, w tym bociany, kt\u00f3re s\u0105 jednym z symboli nadchodz\u0105cej wiosny. Powsta\u0142y tak\u017ce kolorowe kwiatki z pude\u0142ek po jajkach, rozwijaj\u0105ce kreatywno\u015b\u0107 oraz ucz\u0105ce ponownego wykorzystania materia\u0142\u00f3w. Powsta\u0142y r\u00f3wnie\u017c poczt\u00f3wki z Poznania.&nbsp;<\/p>\n\n\n\n<p>Uczniowie ch\u0119tnie tworzyli r\u00f3wnie\u017c konstrukcje z klock\u00f3w LEGO, rozwijaj\u0105c wyobra\u017ani\u0119 i zdolno\u015bci manualne. Wykorzystuj\u0105c pi\u0119kn\u0105 pogod\u0119, dzieci mia\u0142y okazj\u0119 malowa\u0107 na folii na \u015bwie\u017cym powietrzu, co sprawi\u0142o im wiele rado\u015bci i pozwoli\u0142o na swobodn\u0105 ekspresj\u0119 tw\u00f3rcz\u0105. Du\u017cym zainteresowaniem cieszy\u0142y si\u0119 tak\u017ce kolorowe eksperymenty, kt\u00f3re wzbudzi\u0142y ciekawo\u015b\u0107 i zach\u0119ci\u0142y do odkrywania \u015bwiata poprzez zabaw\u0119.<\/p>\n\n\n\n<p>To by\u0142 tydzie\u0144 pe\u0142en kreatywno\u015bci, dobrej zabawy i wiosennej energii.<\/p>\n\n\n\n<p>Dzi\u0119kujemy wychowawcy \u015bwietlicy <\/p>\n\n\n\n<figure class=\"wp-block-gallery has-nested-images columns-default is-cropped wp-block-gallery-1 is-layout-flex wp-block-gallery-is-layout-flex\">\n<figure data-wp-context=\"{&quot;imageId&quot;:&quot;69fb343a8d920&quot;}\" data-wp-interactive=\"core\/image\" data-wp-key=\"69fb343a8d920\" class=\"wp-block-image size-large wp-lightbox-container\"><img fetchpriority=\"high\" decoding=\"async\" width=\"1024\" height=\"768\" data-wp-class--hide=\"state.isContentHidden\" data-wp-class--show=\"state.isContentVisible\" data-wp-init=\"callbacks.setButtonStyles\" data-wp-on--click=\"actions.showLightbox\" data-wp-on--load=\"callbacks.setButtonStyles\" data-wp-on-window--resize=\"callbacks.setButtonStyles\" data-id=\"7312\" src=\"https:\/\/zsipo5.poznan.pl\/wp-content\/uploads\/2026\/03\/7920473c-8e6c-43a5-b20a-e8fff1d607a3-1024x768.jpg\" alt=\"\" class=\"wp-image-7312\" srcset=\"https:\/\/zsipo5.poznan.pl\/wp-content\/uploads\/2026\/03\/7920473c-8e6c-43a5-b20a-e8fff1d607a3-1024x768.jpg 1024w, https:\/\/zsipo5.poznan.pl\/wp-content\/uploads\/2026\/03\/7920473c-8e6c-43a5-b20a-e8fff1d607a3-300x225.jpg 300w, https:\/\/zsipo5.poznan.pl\/wp-content\/uploads\/2026\/03\/7920473c-8e6c-43a5-b20a-e8fff1d607a3-768x576.jpg 768w, https:\/\/zsipo5.poznan.pl\/wp-content\/uploads\/2026\/03\/7920473c-8e6c-43a5-b20a-e8fff1d607a3-1536x1152.jpg 1536w, https:\/\/zsipo5.poznan.pl\/wp-content\/uploads\/2026\/03\/7920473c-8e6c-43a5-b20a-e8fff1d607a3.jpg 2048w\" sizes=\"(max-width: 1024px) 100vw, 1024px\" \/><button\n\t\t\tclass=\"lightbox-trigger\"\n\t\t\ttype=\"button\"\n\t\t\taria-haspopup=\"dialog\"\n\t\t\taria-label=\"Powi\u0119ksz\"\n\t\t\tdata-wp-init=\"callbacks.initTriggerButton\"\n\t\t\tdata-wp-on--click=\"actions.showLightbox\"\n\t\t\tdata-wp-style--right=\"state.imageButtonRight\"\n\t\t\tdata-wp-style--top=\"state.imageButtonTop\"\n\t\t>\n\t\t\t<svg xmlns=\"http:\/\/www.w3.org\/2000\/svg\" width=\"12\" height=\"12\" fill=\"none\" viewBox=\"0 0 12 12\">\n\t\t\t\t<path fill=\"#fff\" d=\"M2 0a2 2 0 0 0-2 2v2h1.5V2a.5.5 0 0 1 .5-.5h2V0H2Zm2 10.5H2a.5.5 0 0 1-.5-.5V8H0v2a2 2 0 0 0 2 2h2v-1.5ZM8 12v-1.5h2a.5.5 0 0 0 .5-.5V8H12v2a2 2 0 0 1-2 2H8Zm2-12a2 2 0 0 1 2 2v2h-1.5V2a.5.5 0 0 0-.5-.5H8V0h2Z\" \/>\n\t\t\t<\/svg>\n\t\t<\/button><\/figure>\n\n\n\n<figure data-wp-context=\"{&quot;imageId&quot;:&quot;69fb343a8dce5&quot;}\" data-wp-interactive=\"core\/image\" data-wp-key=\"69fb343a8dce5\" class=\"wp-block-image size-large wp-lightbox-container\"><img decoding=\"async\" width=\"768\" height=\"1024\" data-wp-class--hide=\"state.isContentHidden\" data-wp-class--show=\"state.isContentVisible\" data-wp-init=\"callbacks.setButtonStyles\" data-wp-on--click=\"actions.showLightbox\" data-wp-on--load=\"callbacks.setButtonStyles\" data-wp-on-window--resize=\"callbacks.setButtonStyles\" data-id=\"7311\" src=\"https:\/\/zsipo5.poznan.pl\/wp-content\/uploads\/2026\/03\/att.0ZtJYPaK4x6yfkpm91e-LbEz4kOmYtXZSK6XVgyZIcU-768x1024.jpg\" alt=\"\" class=\"wp-image-7311\" srcset=\"https:\/\/zsipo5.poznan.pl\/wp-content\/uploads\/2026\/03\/att.0ZtJYPaK4x6yfkpm91e-LbEz4kOmYtXZSK6XVgyZIcU-768x1024.jpg 768w, https:\/\/zsipo5.poznan.pl\/wp-content\/uploads\/2026\/03\/att.0ZtJYPaK4x6yfkpm91e-LbEz4kOmYtXZSK6XVgyZIcU-225x300.jpg 225w, https:\/\/zsipo5.poznan.pl\/wp-content\/uploads\/2026\/03\/att.0ZtJYPaK4x6yfkpm91e-LbEz4kOmYtXZSK6XVgyZIcU-1152x1536.jpg 1152w, https:\/\/zsipo5.poznan.pl\/wp-content\/uploads\/2026\/03\/att.0ZtJYPaK4x6yfkpm91e-LbEz4kOmYtXZSK6XVgyZIcU.jpg 1536w\" sizes=\"(max-width: 768px) 100vw, 768px\" \/><button\n\t\t\tclass=\"lightbox-trigger\"\n\t\t\ttype=\"button\"\n\t\t\taria-haspopup=\"dialog\"\n\t\t\taria-label=\"Powi\u0119ksz\"\n\t\t\tdata-wp-init=\"callbacks.initTriggerButton\"\n\t\t\tdata-wp-on--click=\"actions.showLightbox\"\n\t\t\tdata-wp-style--right=\"state.imageButtonRight\"\n\t\t\tdata-wp-style--top=\"state.imageButtonTop\"\n\t\t>\n\t\t\t<svg xmlns=\"http:\/\/www.w3.org\/2000\/svg\" width=\"12\" height=\"12\" fill=\"none\" viewBox=\"0 0 12 12\">\n\t\t\t\t<path fill=\"#fff\" d=\"M2 0a2 2 0 0 0-2 2v2h1.5V2a.5.5 0 0 1 .5-.5h2V0H2Zm2 10.5H2a.5.5 0 0 1-.5-.5V8H0v2a2 2 0 0 0 2 2h2v-1.5ZM8 12v-1.5h2a.5.5 0 0 0 .5-.5V8H12v2a2 2 0 0 1-2 2H8Zm2-12a2 2 0 0 1 2 2v2h-1.5V2a.5.5 0 0 0-.5-.5H8V0h2Z\" \/>\n\t\t\t<\/svg>\n\t\t<\/button><\/figure>\n\n\n\n<figure data-wp-context=\"{&quot;imageId&quot;:&quot;69fb343a8e049&quot;}\" data-wp-interactive=\"core\/image\" data-wp-key=\"69fb343a8e049\" class=\"wp-block-image size-large wp-lightbox-container\"><img decoding=\"async\" width=\"768\" height=\"1024\" data-wp-class--hide=\"state.isContentHidden\" data-wp-class--show=\"state.isContentVisible\" data-wp-init=\"callbacks.setButtonStyles\" data-wp-on--click=\"actions.showLightbox\" data-wp-on--load=\"callbacks.setButtonStyles\" data-wp-on-window--resize=\"callbacks.setButtonStyles\" data-id=\"7310\" src=\"https:\/\/zsipo5.poznan.pl\/wp-content\/uploads\/2026\/03\/att.6SShJ3uKCRoomfsOE42y3LPCbnRIKDbU8__oKYcGMyo-768x1024.jpg\" alt=\"\" class=\"wp-image-7310\" srcset=\"https:\/\/zsipo5.poznan.pl\/wp-content\/uploads\/2026\/03\/att.6SShJ3uKCRoomfsOE42y3LPCbnRIKDbU8__oKYcGMyo-768x1024.jpg 768w, https:\/\/zsipo5.poznan.pl\/wp-content\/uploads\/2026\/03\/att.6SShJ3uKCRoomfsOE42y3LPCbnRIKDbU8__oKYcGMyo-225x300.jpg 225w, https:\/\/zsipo5.poznan.pl\/wp-content\/uploads\/2026\/03\/att.6SShJ3uKCRoomfsOE42y3LPCbnRIKDbU8__oKYcGMyo-1152x1536.jpg 1152w, https:\/\/zsipo5.poznan.pl\/wp-content\/uploads\/2026\/03\/att.6SShJ3uKCRoomfsOE42y3LPCbnRIKDbU8__oKYcGMyo.jpg 1536w\" sizes=\"(max-width: 768px) 100vw, 768px\" \/><button\n\t\t\tclass=\"lightbox-trigger\"\n\t\t\ttype=\"button\"\n\t\t\taria-haspopup=\"dialog\"\n\t\t\taria-label=\"Powi\u0119ksz\"\n\t\t\tdata-wp-init=\"callbacks.initTriggerButton\"\n\t\t\tdata-wp-on--click=\"actions.showLightbox\"\n\t\t\tdata-wp-style--right=\"state.imageButtonRight\"\n\t\t\tdata-wp-style--top=\"state.imageButtonTop\"\n\t\t>\n\t\t\t<svg xmlns=\"http:\/\/www.w3.org\/2000\/svg\" width=\"12\" height=\"12\" fill=\"none\" viewBox=\"0 0 12 12\">\n\t\t\t\t<path fill=\"#fff\" d=\"M2 0a2 2 0 0 0-2 2v2h1.5V2a.5.5 0 0 1 .5-.5h2V0H2Zm2 10.5H2a.5.5 0 0 1-.5-.5V8H0v2a2 2 0 0 0 2 2h2v-1.5ZM8 12v-1.5h2a.5.5 0 0 0 .5-.5V8H12v2a2 2 0 0 1-2 2H8Zm2-12a2 2 0 0 1 2 2v2h-1.5V2a.5.5 0 0 0-.5-.5H8V0h2Z\" \/>\n\t\t\t<\/svg>\n\t\t<\/button><\/figure>\n\n\n\n<figure data-wp-context=\"{&quot;imageId&quot;:&quot;69fb343a8e3cf&quot;}\" data-wp-interactive=\"core\/image\" data-wp-key=\"69fb343a8e3cf\" class=\"wp-block-image size-large wp-lightbox-container\"><img loading=\"lazy\" decoding=\"async\" width=\"768\" height=\"1024\" data-wp-class--hide=\"state.isContentHidden\" data-wp-class--show=\"state.isContentVisible\" data-wp-init=\"callbacks.setButtonStyles\" data-wp-on--click=\"actions.showLightbox\" data-wp-on--load=\"callbacks.setButtonStyles\" data-wp-on-window--resize=\"callbacks.setButtonStyles\" data-id=\"7315\" src=\"https:\/\/zsipo5.poznan.pl\/wp-content\/uploads\/2026\/03\/att.CHmhW2x52UBDd-kbVrtHFpXAowWVL6nTQ86IiCmjEvw-768x1024.jpg\" alt=\"\" class=\"wp-image-7315\" srcset=\"https:\/\/zsipo5.poznan.pl\/wp-content\/uploads\/2026\/03\/att.CHmhW2x52UBDd-kbVrtHFpXAowWVL6nTQ86IiCmjEvw-768x1024.jpg 768w, https:\/\/zsipo5.poznan.pl\/wp-content\/uploads\/2026\/03\/att.CHmhW2x52UBDd-kbVrtHFpXAowWVL6nTQ86IiCmjEvw-225x300.jpg 225w, https:\/\/zsipo5.poznan.pl\/wp-content\/uploads\/2026\/03\/att.CHmhW2x52UBDd-kbVrtHFpXAowWVL6nTQ86IiCmjEvw-1152x1536.jpg 1152w, https:\/\/zsipo5.poznan.pl\/wp-content\/uploads\/2026\/03\/att.CHmhW2x52UBDd-kbVrtHFpXAowWVL6nTQ86IiCmjEvw.jpg 1536w\" sizes=\"(max-width: 768px) 100vw, 768px\" \/><button\n\t\t\tclass=\"lightbox-trigger\"\n\t\t\ttype=\"button\"\n\t\t\taria-haspopup=\"dialog\"\n\t\t\taria-label=\"Powi\u0119ksz\"\n\t\t\tdata-wp-init=\"callbacks.initTriggerButton\"\n\t\t\tdata-wp-on--click=\"actions.showLightbox\"\n\t\t\tdata-wp-style--right=\"state.imageButtonRight\"\n\t\t\tdata-wp-style--top=\"state.imageButtonTop\"\n\t\t>\n\t\t\t<svg xmlns=\"http:\/\/www.w3.org\/2000\/svg\" width=\"12\" height=\"12\" fill=\"none\" viewBox=\"0 0 12 12\">\n\t\t\t\t<path fill=\"#fff\" d=\"M2 0a2 2 0 0 0-2 2v2h1.5V2a.5.5 0 0 1 .5-.5h2V0H2Zm2 10.5H2a.5.5 0 0 1-.5-.5V8H0v2a2 2 0 0 0 2 2h2v-1.5ZM8 12v-1.5h2a.5.5 0 0 0 .5-.5V8H12v2a2 2 0 0 1-2 2H8Zm2-12a2 2 0 0 1 2 2v2h-1.5V2a.5.5 0 0 0-.5-.5H8V0h2Z\" \/>\n\t\t\t<\/svg>\n\t\t<\/button><\/figure>\n\n\n\n<figure data-wp-context=\"{&quot;imageId&quot;:&quot;69fb343a8e71a&quot;}\" data-wp-interactive=\"core\/image\" data-wp-key=\"69fb343a8e71a\" class=\"wp-block-image size-large wp-lightbox-container\"><img loading=\"lazy\" decoding=\"async\" width=\"1024\" height=\"768\" data-wp-class--hide=\"state.isContentHidden\" data-wp-class--show=\"state.isContentVisible\" data-wp-init=\"callbacks.setButtonStyles\" data-wp-on--click=\"actions.showLightbox\" data-wp-on--load=\"callbacks.setButtonStyles\" data-wp-on-window--resize=\"callbacks.setButtonStyles\" data-id=\"7314\" src=\"https:\/\/zsipo5.poznan.pl\/wp-content\/uploads\/2026\/03\/att.CyIzasnG5hVx4cWdDFNiDGpZsmWdVZK6OapfdCk8RCY-1024x768.jpg\" alt=\"\" class=\"wp-image-7314\" srcset=\"https:\/\/zsipo5.poznan.pl\/wp-content\/uploads\/2026\/03\/att.CyIzasnG5hVx4cWdDFNiDGpZsmWdVZK6OapfdCk8RCY-1024x768.jpg 1024w, https:\/\/zsipo5.poznan.pl\/wp-content\/uploads\/2026\/03\/att.CyIzasnG5hVx4cWdDFNiDGpZsmWdVZK6OapfdCk8RCY-300x225.jpg 300w, https:\/\/zsipo5.poznan.pl\/wp-content\/uploads\/2026\/03\/att.CyIzasnG5hVx4cWdDFNiDGpZsmWdVZK6OapfdCk8RCY-768x576.jpg 768w, https:\/\/zsipo5.poznan.pl\/wp-content\/uploads\/2026\/03\/att.CyIzasnG5hVx4cWdDFNiDGpZsmWdVZK6OapfdCk8RCY-1536x1152.jpg 1536w, https:\/\/zsipo5.poznan.pl\/wp-content\/uploads\/2026\/03\/att.CyIzasnG5hVx4cWdDFNiDGpZsmWdVZK6OapfdCk8RCY.jpg 2048w\" sizes=\"(max-width: 1024px) 100vw, 1024px\" \/><button\n\t\t\tclass=\"lightbox-trigger\"\n\t\t\ttype=\"button\"\n\t\t\taria-haspopup=\"dialog\"\n\t\t\taria-label=\"Powi\u0119ksz\"\n\t\t\tdata-wp-init=\"callbacks.initTriggerButton\"\n\t\t\tdata-wp-on--click=\"actions.showLightbox\"\n\t\t\tdata-wp-style--right=\"state.imageButtonRight\"\n\t\t\tdata-wp-style--top=\"state.imageButtonTop\"\n\t\t>\n\t\t\t<svg xmlns=\"http:\/\/www.w3.org\/2000\/svg\" width=\"12\" height=\"12\" fill=\"none\" viewBox=\"0 0 12 12\">\n\t\t\t\t<path fill=\"#fff\" d=\"M2 0a2 2 0 0 0-2 2v2h1.5V2a.5.5 0 0 1 .5-.5h2V0H2Zm2 10.5H2a.5.5 0 0 1-.5-.5V8H0v2a2 2 0 0 0 2 2h2v-1.5ZM8 12v-1.5h2a.5.5 0 0 0 .5-.5V8H12v2a2 2 0 0 1-2 2H8Zm2-12a2 2 0 0 1 2 2v2h-1.5V2a.5.5 0 0 0-.5-.5H8V0h2Z\" \/>\n\t\t\t<\/svg>\n\t\t<\/button><\/figure>\n\n\n\n<figure data-wp-context=\"{&quot;imageId&quot;:&quot;69fb343a8ea5d&quot;}\" data-wp-interactive=\"core\/image\" data-wp-key=\"69fb343a8ea5d\" class=\"wp-block-image size-large wp-lightbox-container\"><img loading=\"lazy\" decoding=\"async\" width=\"768\" height=\"1024\" data-wp-class--hide=\"state.isContentHidden\" data-wp-class--show=\"state.isContentVisible\" data-wp-init=\"callbacks.setButtonStyles\" data-wp-on--click=\"actions.showLightbox\" data-wp-on--load=\"callbacks.setButtonStyles\" data-wp-on-window--resize=\"callbacks.setButtonStyles\" data-id=\"7313\" src=\"https:\/\/zsipo5.poznan.pl\/wp-content\/uploads\/2026\/03\/att.djnHDLcB_FtA7UmHqvLRJk-ZItxDb4mSZC8wGtHHWM-768x1024.jpg\" alt=\"\" class=\"wp-image-7313\" srcset=\"https:\/\/zsipo5.poznan.pl\/wp-content\/uploads\/2026\/03\/att.djnHDLcB_FtA7UmHqvLRJk-ZItxDb4mSZC8wGtHHWM-768x1024.jpg 768w, https:\/\/zsipo5.poznan.pl\/wp-content\/uploads\/2026\/03\/att.djnHDLcB_FtA7UmHqvLRJk-ZItxDb4mSZC8wGtHHWM-225x300.jpg 225w, https:\/\/zsipo5.poznan.pl\/wp-content\/uploads\/2026\/03\/att.djnHDLcB_FtA7UmHqvLRJk-ZItxDb4mSZC8wGtHHWM-1152x1536.jpg 1152w, https:\/\/zsipo5.poznan.pl\/wp-content\/uploads\/2026\/03\/att.djnHDLcB_FtA7UmHqvLRJk-ZItxDb4mSZC8wGtHHWM.jpg 1536w\" sizes=\"(max-width: 768px) 100vw, 768px\" \/><button\n\t\t\tclass=\"lightbox-trigger\"\n\t\t\ttype=\"button\"\n\t\t\taria-haspopup=\"dialog\"\n\t\t\taria-label=\"Powi\u0119ksz\"\n\t\t\tdata-wp-init=\"callbacks.initTriggerButton\"\n\t\t\tdata-wp-on--click=\"actions.showLightbox\"\n\t\t\tdata-wp-style--right=\"state.imageButtonRight\"\n\t\t\tdata-wp-style--top=\"state.imageButtonTop\"\n\t\t>\n\t\t\t<svg xmlns=\"http:\/\/www.w3.org\/2000\/svg\" width=\"12\" height=\"12\" fill=\"none\" viewBox=\"0 0 12 12\">\n\t\t\t\t<path fill=\"#fff\" d=\"M2 0a2 2 0 0 0-2 2v2h1.5V2a.5.5 0 0 1 .5-.5h2V0H2Zm2 10.5H2a.5.5 0 0 1-.5-.5V8H0v2a2 2 0 0 0 2 2h2v-1.5ZM8 12v-1.5h2a.5.5 0 0 0 .5-.5V8H12v2a2 2 0 0 1-2 2H8Zm2-12a2 2 0 0 1 2 2v2h-1.5V2a.5.5 0 0 0-.5-.5H8V0h2Z\" \/>\n\t\t\t<\/svg>\n\t\t<\/button><\/figure>\n\n\n\n<figure data-wp-context=\"{&quot;imageId&quot;:&quot;69fb343a8edde&quot;}\" data-wp-interactive=\"core\/image\" data-wp-key=\"69fb343a8edde\" class=\"wp-block-image size-large wp-lightbox-container\"><img loading=\"lazy\" decoding=\"async\" width=\"768\" height=\"1024\" data-wp-class--hide=\"state.isContentHidden\" data-wp-class--show=\"state.isContentVisible\" data-wp-init=\"callbacks.setButtonStyles\" data-wp-on--click=\"actions.showLightbox\" data-wp-on--load=\"callbacks.setButtonStyles\" data-wp-on-window--resize=\"callbacks.setButtonStyles\" data-id=\"7316\" src=\"https:\/\/zsipo5.poznan.pl\/wp-content\/uploads\/2026\/03\/att.huuVE2rMIL048E3C9kfvZIxi1IRR9OLiLWTCTC1jQS4-768x1024.jpg\" alt=\"\" class=\"wp-image-7316\" srcset=\"https:\/\/zsipo5.poznan.pl\/wp-content\/uploads\/2026\/03\/att.huuVE2rMIL048E3C9kfvZIxi1IRR9OLiLWTCTC1jQS4-768x1024.jpg 768w, https:\/\/zsipo5.poznan.pl\/wp-content\/uploads\/2026\/03\/att.huuVE2rMIL048E3C9kfvZIxi1IRR9OLiLWTCTC1jQS4-225x300.jpg 225w, https:\/\/zsipo5.poznan.pl\/wp-content\/uploads\/2026\/03\/att.huuVE2rMIL048E3C9kfvZIxi1IRR9OLiLWTCTC1jQS4-1152x1536.jpg 1152w, https:\/\/zsipo5.poznan.pl\/wp-content\/uploads\/2026\/03\/att.huuVE2rMIL048E3C9kfvZIxi1IRR9OLiLWTCTC1jQS4.jpg 1536w\" sizes=\"(max-width: 768px) 100vw, 768px\" \/><button\n\t\t\tclass=\"lightbox-trigger\"\n\t\t\ttype=\"button\"\n\t\t\taria-haspopup=\"dialog\"\n\t\t\taria-label=\"Powi\u0119ksz\"\n\t\t\tdata-wp-init=\"callbacks.initTriggerButton\"\n\t\t\tdata-wp-on--click=\"actions.showLightbox\"\n\t\t\tdata-wp-style--right=\"state.imageButtonRight\"\n\t\t\tdata-wp-style--top=\"state.imageButtonTop\"\n\t\t>\n\t\t\t<svg xmlns=\"http:\/\/www.w3.org\/2000\/svg\" width=\"12\" height=\"12\" fill=\"none\" viewBox=\"0 0 12 12\">\n\t\t\t\t<path fill=\"#fff\" d=\"M2 0a2 2 0 0 0-2 2v2h1.5V2a.5.5 0 0 1 .5-.5h2V0H2Zm2 10.5H2a.5.5 0 0 1-.5-.5V8H0v2a2 2 0 0 0 2 2h2v-1.5ZM8 12v-1.5h2a.5.5 0 0 0 .5-.5V8H12v2a2 2 0 0 1-2 2H8Zm2-12a2 2 0 0 1 2 2v2h-1.5V2a.5.5 0 0 0-.5-.5H8V0h2Z\" \/>\n\t\t\t<\/svg>\n\t\t<\/button><\/figure>\n\n\n\n<figure data-wp-context=\"{&quot;imageId&quot;:&quot;69fb343a8f17e&quot;}\" data-wp-interactive=\"core\/image\" data-wp-key=\"69fb343a8f17e\" class=\"wp-block-image size-large wp-lightbox-container\"><img loading=\"lazy\" decoding=\"async\" width=\"1024\" height=\"768\" data-wp-class--hide=\"state.isContentHidden\" data-wp-class--show=\"state.isContentVisible\" data-wp-init=\"callbacks.setButtonStyles\" data-wp-on--click=\"actions.showLightbox\" data-wp-on--load=\"callbacks.setButtonStyles\" data-wp-on-window--resize=\"callbacks.setButtonStyles\" data-id=\"7318\" src=\"https:\/\/zsipo5.poznan.pl\/wp-content\/uploads\/2026\/03\/IMG_5799-1024x768.jpg\" alt=\"\" class=\"wp-image-7318\" srcset=\"https:\/\/zsipo5.poznan.pl\/wp-content\/uploads\/2026\/03\/IMG_5799-1024x768.jpg 1024w, https:\/\/zsipo5.poznan.pl\/wp-content\/uploads\/2026\/03\/IMG_5799-300x225.jpg 300w, https:\/\/zsipo5.poznan.pl\/wp-content\/uploads\/2026\/03\/IMG_5799-768x576.jpg 768w, https:\/\/zsipo5.poznan.pl\/wp-content\/uploads\/2026\/03\/IMG_5799-1536x1152.jpg 1536w, https:\/\/zsipo5.poznan.pl\/wp-content\/uploads\/2026\/03\/IMG_5799.jpg 2048w\" sizes=\"(max-width: 1024px) 100vw, 1024px\" \/><button\n\t\t\tclass=\"lightbox-trigger\"\n\t\t\ttype=\"button\"\n\t\t\taria-haspopup=\"dialog\"\n\t\t\taria-label=\"Powi\u0119ksz\"\n\t\t\tdata-wp-init=\"callbacks.initTriggerButton\"\n\t\t\tdata-wp-on--click=\"actions.showLightbox\"\n\t\t\tdata-wp-style--right=\"state.imageButtonRight\"\n\t\t\tdata-wp-style--top=\"state.imageButtonTop\"\n\t\t>\n\t\t\t<svg xmlns=\"http:\/\/www.w3.org\/2000\/svg\" width=\"12\" height=\"12\" fill=\"none\" viewBox=\"0 0 12 12\">\n\t\t\t\t<path fill=\"#fff\" d=\"M2 0a2 2 0 0 0-2 2v2h1.5V2a.5.5 0 0 1 .5-.5h2V0H2Zm2 10.5H2a.5.5 0 0 1-.5-.5V8H0v2a2 2 0 0 0 2 2h2v-1.5ZM8 12v-1.5h2a.5.5 0 0 0 .5-.5V8H12v2a2 2 0 0 1-2 2H8Zm2-12a2 2 0 0 1 2 2v2h-1.5V2a.5.5 0 0 0-.5-.5H8V0h2Z\" \/>\n\t\t\t<\/svg>\n\t\t<\/button><\/figure>\n<\/figure>\n","protected":false},"excerpt":{"rendered":"<p>Wiosna zagl\u0105da do \u015bwietlicy W minionym tygodniu w \u015bwietlicy nie brakowa\u0142o ciekawych zaj\u0119\u0107 i tw\u00f3rczych dzia\u0142a\u0144. W ramach prac plastycznych dzieci wykonywa\u0142y prace przedstawiaj\u0105ce ptaki, w tym bociany, kt\u00f3re s\u0105 jednym z symboli nadchodz\u0105cej wiosny. Powsta\u0142y tak\u017ce kolorowe kwiatki z pude\u0142ek po jajkach, rozwijaj\u0105ce kreatywno\u015b\u0107 oraz ucz\u0105ce ponownego wykorzystania materia\u0142\u00f3w. Powsta\u0142y r\u00f3wnie\u017c poczt\u00f3wki z Poznania.&nbsp; [&hellip;]<\/p>\n","protected":false},"author":12,"featured_media":0,"parent":0,"menu_order":0,"comment_status":"closed","ping_status":"closed","template":"","meta":{"footnotes":""},"class_list":["post-7308","page","type-page","status-publish","hentry"],"_links":{"self":[{"href":"https:\/\/zsipo5.poznan.pl\/index.php\/wp-json\/wp\/v2\/pages\/7308","targetHints":{"allow":["GET"]}}],"collection":[{"href":"https:\/\/zsipo5.poznan.pl\/index.php\/wp-json\/wp\/v2\/pages"}],"about":[{"href":"https:\/\/zsipo5.poznan.pl\/index.php\/wp-json\/wp\/v2\/types\/page"}],"author":[{"embeddable":true,"href":"https:\/\/zsipo5.poznan.pl\/index.php\/wp-json\/wp\/v2\/users\/12"}],"replies":[{"embeddable":true,"href":"https:\/\/zsipo5.poznan.pl\/index.php\/wp-json\/wp\/v2\/comments?post=7308"}],"version-history":[{"count":2,"href":"https:\/\/zsipo5.poznan.pl\/index.php\/wp-json\/wp\/v2\/pages\/7308\/revisions"}],"predecessor-version":[{"id":7326,"href":"https:\/\/zsipo5.poznan.pl\/index.php\/wp-json\/wp\/v2\/pages\/7308\/revisions\/7326"}],"wp:attachment":[{"href":"https:\/\/zsipo5.poznan.pl\/index.php\/wp-json\/wp\/v2\/media?parent=7308"}],"curies":[{"name":"wp","href":"https:\/\/api.w.org\/{rel}","templated":true}]}}