{"id":7284,"date":"2026-03-06T17:11:13","date_gmt":"2026-03-06T16:11:13","guid":{"rendered":"https:\/\/zsipo5.poznan.pl\/?page_id=7284"},"modified":"2026-03-06T17:11:42","modified_gmt":"2026-03-06T16:11:42","slug":"6-marca-2026","status":"publish","type":"page","link":"https:\/\/zsipo5.poznan.pl\/index.php\/6-marca-2026\/","title":{"rendered":"6 marca 2026"},"content":{"rendered":"\n<p>Wiosna w naszej \u015bwietlicy<\/p>\n\n\n\n<p>W naszej \u015bwietlicy zrobi\u0142o si\u0119 bardzo wiosennie, a ca\u0142y tydzie\u0144 po\u015bwi\u0119cony by\u0142 zbli\u017caj\u0105cemu si\u0119 Dniu Kobiet. Podczas zaj\u0119\u0107 rozmawiali\u015bmy o znaczeniu tego \u015bwi\u0119ta oraz o tym, jak mo\u017cna okazywa\u0107 szacunek i \u017cyczliwo\u015b\u0107 innym. W ramach prac plastycznych powsta\u0142y korony z cyfr\u0105 8 oraz kolorowe bukiety kwiat\u00f3w, kt\u00f3re wprowadzi\u0142y do sali prawdziwie wiosenny nastr\u00f3j.<\/p>\n\n\n\n<p>Dzieci ch\u0119tnie tworzy\u0142y tak\u017ce wiosenne konstrukcje z klock\u00f3w LEGO, rozwijaj\u0105c swoj\u0105 wyobra\u017ani\u0119. Nie zabrak\u0142o wsp\u00f3lnych zabaw z chust\u0105 animacyjn\u0105, a tak\u017ce gry w \u201ewisielca\u201d, kt\u00f3ra dostarczy\u0142a du\u017co \u015bmiechu i dobrej zabawy. W tym tygodniu odby\u0142o si\u0119 r\u00f3wnie\u017c podsumowanie konkursu \u015bwietlicowego, podczas kt\u00f3rego nagrodzono uczestnik\u00f3w i pogratulowano im pomys\u0142owo\u015bci oraz zaanga\u017cowania.<\/p>\n\n\n\n<p>By\u0142 to tydzie\u0144 pe\u0142en rado\u015bci, kreatywno\u015bci i wiosennej energii. <\/p>\n\n\n\n<p>Dzi\u0119kujemy wychowawcy \u015bwietlicy <\/p>\n\n\n\n<figure class=\"wp-block-gallery has-nested-images columns-default is-cropped wp-block-gallery-1 is-layout-flex wp-block-gallery-is-layout-flex\">\n<figure data-wp-context=\"{&quot;imageId&quot;:&quot;69fb345044ac5&quot;}\" data-wp-interactive=\"core\/image\" data-wp-key=\"69fb345044ac5\" class=\"wp-block-image size-large wp-lightbox-container\"><img fetchpriority=\"high\" decoding=\"async\" width=\"768\" height=\"1024\" data-wp-class--hide=\"state.isContentHidden\" data-wp-class--show=\"state.isContentVisible\" data-wp-init=\"callbacks.setButtonStyles\" data-wp-on--click=\"actions.showLightbox\" data-wp-on--load=\"callbacks.setButtonStyles\" data-wp-on-window--resize=\"callbacks.setButtonStyles\" data-id=\"7285\" src=\"https:\/\/zsipo5.poznan.pl\/wp-content\/uploads\/2026\/03\/att.OkPWmMUq00a2hw1gdUR3Oud4Ids04OqqKbsPktCDlQ8-768x1024.jpg\" alt=\"\" class=\"wp-image-7285\" srcset=\"https:\/\/zsipo5.poznan.pl\/wp-content\/uploads\/2026\/03\/att.OkPWmMUq00a2hw1gdUR3Oud4Ids04OqqKbsPktCDlQ8-768x1024.jpg 768w, https:\/\/zsipo5.poznan.pl\/wp-content\/uploads\/2026\/03\/att.OkPWmMUq00a2hw1gdUR3Oud4Ids04OqqKbsPktCDlQ8-225x300.jpg 225w, https:\/\/zsipo5.poznan.pl\/wp-content\/uploads\/2026\/03\/att.OkPWmMUq00a2hw1gdUR3Oud4Ids04OqqKbsPktCDlQ8-1152x1536.jpg 1152w, https:\/\/zsipo5.poznan.pl\/wp-content\/uploads\/2026\/03\/att.OkPWmMUq00a2hw1gdUR3Oud4Ids04OqqKbsPktCDlQ8.jpg 1536w\" sizes=\"(max-width: 768px) 100vw, 768px\" \/><button\n\t\t\tclass=\"lightbox-trigger\"\n\t\t\ttype=\"button\"\n\t\t\taria-haspopup=\"dialog\"\n\t\t\taria-label=\"Powi\u0119ksz\"\n\t\t\tdata-wp-init=\"callbacks.initTriggerButton\"\n\t\t\tdata-wp-on--click=\"actions.showLightbox\"\n\t\t\tdata-wp-style--right=\"state.imageButtonRight\"\n\t\t\tdata-wp-style--top=\"state.imageButtonTop\"\n\t\t>\n\t\t\t<svg xmlns=\"http:\/\/www.w3.org\/2000\/svg\" width=\"12\" height=\"12\" fill=\"none\" viewBox=\"0 0 12 12\">\n\t\t\t\t<path fill=\"#fff\" d=\"M2 0a2 2 0 0 0-2 2v2h1.5V2a.5.5 0 0 1 .5-.5h2V0H2Zm2 10.5H2a.5.5 0 0 1-.5-.5V8H0v2a2 2 0 0 0 2 2h2v-1.5ZM8 12v-1.5h2a.5.5 0 0 0 .5-.5V8H12v2a2 2 0 0 1-2 2H8Zm2-12a2 2 0 0 1 2 2v2h-1.5V2a.5.5 0 0 0-.5-.5H8V0h2Z\" \/>\n\t\t\t<\/svg>\n\t\t<\/button><\/figure>\n\n\n\n<figure data-wp-context=\"{&quot;imageId&quot;:&quot;69fb345044e85&quot;}\" data-wp-interactive=\"core\/image\" data-wp-key=\"69fb345044e85\" class=\"wp-block-image size-large wp-lightbox-container\"><img decoding=\"async\" width=\"768\" height=\"1024\" data-wp-class--hide=\"state.isContentHidden\" data-wp-class--show=\"state.isContentVisible\" data-wp-init=\"callbacks.setButtonStyles\" data-wp-on--click=\"actions.showLightbox\" data-wp-on--load=\"callbacks.setButtonStyles\" data-wp-on-window--resize=\"callbacks.setButtonStyles\" data-id=\"7290\" src=\"https:\/\/zsipo5.poznan.pl\/wp-content\/uploads\/2026\/03\/att.q0i4mP1Xkuj1s2VN-EOq_DFpoijZbm2L4J9p9gOa-G0-768x1024.jpg\" alt=\"\" class=\"wp-image-7290\" srcset=\"https:\/\/zsipo5.poznan.pl\/wp-content\/uploads\/2026\/03\/att.q0i4mP1Xkuj1s2VN-EOq_DFpoijZbm2L4J9p9gOa-G0-768x1024.jpg 768w, https:\/\/zsipo5.poznan.pl\/wp-content\/uploads\/2026\/03\/att.q0i4mP1Xkuj1s2VN-EOq_DFpoijZbm2L4J9p9gOa-G0-225x300.jpg 225w, https:\/\/zsipo5.poznan.pl\/wp-content\/uploads\/2026\/03\/att.q0i4mP1Xkuj1s2VN-EOq_DFpoijZbm2L4J9p9gOa-G0-1152x1536.jpg 1152w, https:\/\/zsipo5.poznan.pl\/wp-content\/uploads\/2026\/03\/att.q0i4mP1Xkuj1s2VN-EOq_DFpoijZbm2L4J9p9gOa-G0.jpg 1536w\" sizes=\"(max-width: 768px) 100vw, 768px\" \/><button\n\t\t\tclass=\"lightbox-trigger\"\n\t\t\ttype=\"button\"\n\t\t\taria-haspopup=\"dialog\"\n\t\t\taria-label=\"Powi\u0119ksz\"\n\t\t\tdata-wp-init=\"callbacks.initTriggerButton\"\n\t\t\tdata-wp-on--click=\"actions.showLightbox\"\n\t\t\tdata-wp-style--right=\"state.imageButtonRight\"\n\t\t\tdata-wp-style--top=\"state.imageButtonTop\"\n\t\t>\n\t\t\t<svg xmlns=\"http:\/\/www.w3.org\/2000\/svg\" width=\"12\" height=\"12\" fill=\"none\" viewBox=\"0 0 12 12\">\n\t\t\t\t<path fill=\"#fff\" d=\"M2 0a2 2 0 0 0-2 2v2h1.5V2a.5.5 0 0 1 .5-.5h2V0H2Zm2 10.5H2a.5.5 0 0 1-.5-.5V8H0v2a2 2 0 0 0 2 2h2v-1.5ZM8 12v-1.5h2a.5.5 0 0 0 .5-.5V8H12v2a2 2 0 0 1-2 2H8Zm2-12a2 2 0 0 1 2 2v2h-1.5V2a.5.5 0 0 0-.5-.5H8V0h2Z\" \/>\n\t\t\t<\/svg>\n\t\t<\/button><\/figure>\n\n\n\n<figure data-wp-context=\"{&quot;imageId&quot;:&quot;69fb3450451ed&quot;}\" data-wp-interactive=\"core\/image\" data-wp-key=\"69fb3450451ed\" class=\"wp-block-image size-large wp-lightbox-container\"><img decoding=\"async\" width=\"768\" height=\"1024\" data-wp-class--hide=\"state.isContentHidden\" data-wp-class--show=\"state.isContentVisible\" data-wp-init=\"callbacks.setButtonStyles\" data-wp-on--click=\"actions.showLightbox\" data-wp-on--load=\"callbacks.setButtonStyles\" data-wp-on-window--resize=\"callbacks.setButtonStyles\" data-id=\"7291\" src=\"https:\/\/zsipo5.poznan.pl\/wp-content\/uploads\/2026\/03\/att.sSubRl-GFa5rpeXq1cf6nJ2_GnIYrhGVY6ogRJsdBz0-768x1024.jpg\" alt=\"\" class=\"wp-image-7291\" srcset=\"https:\/\/zsipo5.poznan.pl\/wp-content\/uploads\/2026\/03\/att.sSubRl-GFa5rpeXq1cf6nJ2_GnIYrhGVY6ogRJsdBz0-768x1024.jpg 768w, https:\/\/zsipo5.poznan.pl\/wp-content\/uploads\/2026\/03\/att.sSubRl-GFa5rpeXq1cf6nJ2_GnIYrhGVY6ogRJsdBz0-225x300.jpg 225w, https:\/\/zsipo5.poznan.pl\/wp-content\/uploads\/2026\/03\/att.sSubRl-GFa5rpeXq1cf6nJ2_GnIYrhGVY6ogRJsdBz0-1152x1536.jpg 1152w, https:\/\/zsipo5.poznan.pl\/wp-content\/uploads\/2026\/03\/att.sSubRl-GFa5rpeXq1cf6nJ2_GnIYrhGVY6ogRJsdBz0.jpg 1536w\" sizes=\"(max-width: 768px) 100vw, 768px\" \/><button\n\t\t\tclass=\"lightbox-trigger\"\n\t\t\ttype=\"button\"\n\t\t\taria-haspopup=\"dialog\"\n\t\t\taria-label=\"Powi\u0119ksz\"\n\t\t\tdata-wp-init=\"callbacks.initTriggerButton\"\n\t\t\tdata-wp-on--click=\"actions.showLightbox\"\n\t\t\tdata-wp-style--right=\"state.imageButtonRight\"\n\t\t\tdata-wp-style--top=\"state.imageButtonTop\"\n\t\t>\n\t\t\t<svg xmlns=\"http:\/\/www.w3.org\/2000\/svg\" width=\"12\" height=\"12\" fill=\"none\" viewBox=\"0 0 12 12\">\n\t\t\t\t<path fill=\"#fff\" d=\"M2 0a2 2 0 0 0-2 2v2h1.5V2a.5.5 0 0 1 .5-.5h2V0H2Zm2 10.5H2a.5.5 0 0 1-.5-.5V8H0v2a2 2 0 0 0 2 2h2v-1.5ZM8 12v-1.5h2a.5.5 0 0 0 .5-.5V8H12v2a2 2 0 0 1-2 2H8Zm2-12a2 2 0 0 1 2 2v2h-1.5V2a.5.5 0 0 0-.5-.5H8V0h2Z\" \/>\n\t\t\t<\/svg>\n\t\t<\/button><\/figure>\n\n\n\n<figure data-wp-context=\"{&quot;imageId&quot;:&quot;69fb345045535&quot;}\" data-wp-interactive=\"core\/image\" data-wp-key=\"69fb345045535\" class=\"wp-block-image size-large wp-lightbox-container\"><img loading=\"lazy\" decoding=\"async\" width=\"1024\" height=\"768\" data-wp-class--hide=\"state.isContentHidden\" data-wp-class--show=\"state.isContentVisible\" data-wp-init=\"callbacks.setButtonStyles\" data-wp-on--click=\"actions.showLightbox\" data-wp-on--load=\"callbacks.setButtonStyles\" data-wp-on-window--resize=\"callbacks.setButtonStyles\" data-id=\"7292\" src=\"https:\/\/zsipo5.poznan.pl\/wp-content\/uploads\/2026\/03\/att.U4b4PUttCncei8tClNc-gQ2WpKzyAFDmd2PFn6fUYYo-1024x768.jpg\" alt=\"\" class=\"wp-image-7292\" srcset=\"https:\/\/zsipo5.poznan.pl\/wp-content\/uploads\/2026\/03\/att.U4b4PUttCncei8tClNc-gQ2WpKzyAFDmd2PFn6fUYYo-1024x768.jpg 1024w, https:\/\/zsipo5.poznan.pl\/wp-content\/uploads\/2026\/03\/att.U4b4PUttCncei8tClNc-gQ2WpKzyAFDmd2PFn6fUYYo-300x225.jpg 300w, https:\/\/zsipo5.poznan.pl\/wp-content\/uploads\/2026\/03\/att.U4b4PUttCncei8tClNc-gQ2WpKzyAFDmd2PFn6fUYYo-768x576.jpg 768w, https:\/\/zsipo5.poznan.pl\/wp-content\/uploads\/2026\/03\/att.U4b4PUttCncei8tClNc-gQ2WpKzyAFDmd2PFn6fUYYo-1536x1152.jpg 1536w, https:\/\/zsipo5.poznan.pl\/wp-content\/uploads\/2026\/03\/att.U4b4PUttCncei8tClNc-gQ2WpKzyAFDmd2PFn6fUYYo.jpg 2048w\" sizes=\"(max-width: 1024px) 100vw, 1024px\" \/><button\n\t\t\tclass=\"lightbox-trigger\"\n\t\t\ttype=\"button\"\n\t\t\taria-haspopup=\"dialog\"\n\t\t\taria-label=\"Powi\u0119ksz\"\n\t\t\tdata-wp-init=\"callbacks.initTriggerButton\"\n\t\t\tdata-wp-on--click=\"actions.showLightbox\"\n\t\t\tdata-wp-style--right=\"state.imageButtonRight\"\n\t\t\tdata-wp-style--top=\"state.imageButtonTop\"\n\t\t>\n\t\t\t<svg xmlns=\"http:\/\/www.w3.org\/2000\/svg\" width=\"12\" height=\"12\" fill=\"none\" viewBox=\"0 0 12 12\">\n\t\t\t\t<path fill=\"#fff\" d=\"M2 0a2 2 0 0 0-2 2v2h1.5V2a.5.5 0 0 1 .5-.5h2V0H2Zm2 10.5H2a.5.5 0 0 1-.5-.5V8H0v2a2 2 0 0 0 2 2h2v-1.5ZM8 12v-1.5h2a.5.5 0 0 0 .5-.5V8H12v2a2 2 0 0 1-2 2H8Zm2-12a2 2 0 0 1 2 2v2h-1.5V2a.5.5 0 0 0-.5-.5H8V0h2Z\" \/>\n\t\t\t<\/svg>\n\t\t<\/button><\/figure>\n\n\n\n<figure data-wp-context=\"{&quot;imageId&quot;:&quot;69fb345045867&quot;}\" data-wp-interactive=\"core\/image\" data-wp-key=\"69fb345045867\" class=\"wp-block-image size-large wp-lightbox-container\"><img loading=\"lazy\" decoding=\"async\" width=\"768\" height=\"1024\" data-wp-class--hide=\"state.isContentHidden\" data-wp-class--show=\"state.isContentVisible\" data-wp-init=\"callbacks.setButtonStyles\" data-wp-on--click=\"actions.showLightbox\" data-wp-on--load=\"callbacks.setButtonStyles\" data-wp-on-window--resize=\"callbacks.setButtonStyles\" data-id=\"7286\" src=\"https:\/\/zsipo5.poznan.pl\/wp-content\/uploads\/2026\/03\/att.XgvWxYdaInTKS2le6GpUF-wz0tWVsKDcUtvkBKysBrI-768x1024.jpg\" alt=\"\" class=\"wp-image-7286\" srcset=\"https:\/\/zsipo5.poznan.pl\/wp-content\/uploads\/2026\/03\/att.XgvWxYdaInTKS2le6GpUF-wz0tWVsKDcUtvkBKysBrI-768x1024.jpg 768w, https:\/\/zsipo5.poznan.pl\/wp-content\/uploads\/2026\/03\/att.XgvWxYdaInTKS2le6GpUF-wz0tWVsKDcUtvkBKysBrI-225x300.jpg 225w, https:\/\/zsipo5.poznan.pl\/wp-content\/uploads\/2026\/03\/att.XgvWxYdaInTKS2le6GpUF-wz0tWVsKDcUtvkBKysBrI-1152x1536.jpg 1152w, https:\/\/zsipo5.poznan.pl\/wp-content\/uploads\/2026\/03\/att.XgvWxYdaInTKS2le6GpUF-wz0tWVsKDcUtvkBKysBrI.jpg 1536w\" sizes=\"(max-width: 768px) 100vw, 768px\" \/><button\n\t\t\tclass=\"lightbox-trigger\"\n\t\t\ttype=\"button\"\n\t\t\taria-haspopup=\"dialog\"\n\t\t\taria-label=\"Powi\u0119ksz\"\n\t\t\tdata-wp-init=\"callbacks.initTriggerButton\"\n\t\t\tdata-wp-on--click=\"actions.showLightbox\"\n\t\t\tdata-wp-style--right=\"state.imageButtonRight\"\n\t\t\tdata-wp-style--top=\"state.imageButtonTop\"\n\t\t>\n\t\t\t<svg xmlns=\"http:\/\/www.w3.org\/2000\/svg\" width=\"12\" height=\"12\" fill=\"none\" viewBox=\"0 0 12 12\">\n\t\t\t\t<path fill=\"#fff\" d=\"M2 0a2 2 0 0 0-2 2v2h1.5V2a.5.5 0 0 1 .5-.5h2V0H2Zm2 10.5H2a.5.5 0 0 1-.5-.5V8H0v2a2 2 0 0 0 2 2h2v-1.5ZM8 12v-1.5h2a.5.5 0 0 0 .5-.5V8H12v2a2 2 0 0 1-2 2H8Zm2-12a2 2 0 0 1 2 2v2h-1.5V2a.5.5 0 0 0-.5-.5H8V0h2Z\" \/>\n\t\t\t<\/svg>\n\t\t<\/button><\/figure>\n\n\n\n<figure data-wp-context=\"{&quot;imageId&quot;:&quot;69fb345045ba9&quot;}\" data-wp-interactive=\"core\/image\" data-wp-key=\"69fb345045ba9\" class=\"wp-block-image size-large wp-lightbox-container\"><img loading=\"lazy\" decoding=\"async\" width=\"768\" height=\"1024\" data-wp-class--hide=\"state.isContentHidden\" data-wp-class--show=\"state.isContentVisible\" data-wp-init=\"callbacks.setButtonStyles\" data-wp-on--click=\"actions.showLightbox\" data-wp-on--load=\"callbacks.setButtonStyles\" data-wp-on-window--resize=\"callbacks.setButtonStyles\" data-id=\"7289\" src=\"https:\/\/zsipo5.poznan.pl\/wp-content\/uploads\/2026\/03\/att.zubLVehYGk07hVW0ZlelAu8KTXndBU9dgMha87yxu4g-768x1024.jpg\" alt=\"\" class=\"wp-image-7289\" srcset=\"https:\/\/zsipo5.poznan.pl\/wp-content\/uploads\/2026\/03\/att.zubLVehYGk07hVW0ZlelAu8KTXndBU9dgMha87yxu4g-768x1024.jpg 768w, https:\/\/zsipo5.poznan.pl\/wp-content\/uploads\/2026\/03\/att.zubLVehYGk07hVW0ZlelAu8KTXndBU9dgMha87yxu4g-225x300.jpg 225w, https:\/\/zsipo5.poznan.pl\/wp-content\/uploads\/2026\/03\/att.zubLVehYGk07hVW0ZlelAu8KTXndBU9dgMha87yxu4g-1152x1536.jpg 1152w, https:\/\/zsipo5.poznan.pl\/wp-content\/uploads\/2026\/03\/att.zubLVehYGk07hVW0ZlelAu8KTXndBU9dgMha87yxu4g.jpg 1536w\" sizes=\"(max-width: 768px) 100vw, 768px\" \/><button\n\t\t\tclass=\"lightbox-trigger\"\n\t\t\ttype=\"button\"\n\t\t\taria-haspopup=\"dialog\"\n\t\t\taria-label=\"Powi\u0119ksz\"\n\t\t\tdata-wp-init=\"callbacks.initTriggerButton\"\n\t\t\tdata-wp-on--click=\"actions.showLightbox\"\n\t\t\tdata-wp-style--right=\"state.imageButtonRight\"\n\t\t\tdata-wp-style--top=\"state.imageButtonTop\"\n\t\t>\n\t\t\t<svg xmlns=\"http:\/\/www.w3.org\/2000\/svg\" width=\"12\" height=\"12\" fill=\"none\" viewBox=\"0 0 12 12\">\n\t\t\t\t<path fill=\"#fff\" d=\"M2 0a2 2 0 0 0-2 2v2h1.5V2a.5.5 0 0 1 .5-.5h2V0H2Zm2 10.5H2a.5.5 0 0 1-.5-.5V8H0v2a2 2 0 0 0 2 2h2v-1.5ZM8 12v-1.5h2a.5.5 0 0 0 .5-.5V8H12v2a2 2 0 0 1-2 2H8Zm2-12a2 2 0 0 1 2 2v2h-1.5V2a.5.5 0 0 0-.5-.5H8V0h2Z\" \/>\n\t\t\t<\/svg>\n\t\t<\/button><\/figure>\n<\/figure>\n\n\n\n<figure class=\"wp-block-gallery has-nested-images columns-default is-cropped wp-block-gallery-2 is-layout-flex wp-block-gallery-is-layout-flex\"><\/figure>\n","protected":false},"excerpt":{"rendered":"<p>Wiosna w naszej \u015bwietlicy W naszej \u015bwietlicy zrobi\u0142o si\u0119 bardzo wiosennie, a ca\u0142y tydzie\u0144 po\u015bwi\u0119cony by\u0142 zbli\u017caj\u0105cemu si\u0119 Dniu Kobiet. Podczas zaj\u0119\u0107 rozmawiali\u015bmy o znaczeniu tego \u015bwi\u0119ta oraz o tym, jak mo\u017cna okazywa\u0107 szacunek i \u017cyczliwo\u015b\u0107 innym. W ramach prac plastycznych powsta\u0142y korony z cyfr\u0105 8 oraz kolorowe bukiety kwiat\u00f3w, kt\u00f3re wprowadzi\u0142y do sali prawdziwie [&hellip;]<\/p>\n","protected":false},"author":12,"featured_media":0,"parent":0,"menu_order":0,"comment_status":"closed","ping_status":"closed","template":"","meta":{"footnotes":""},"class_list":["post-7284","page","type-page","status-publish","hentry"],"_links":{"self":[{"href":"https:\/\/zsipo5.poznan.pl\/index.php\/wp-json\/wp\/v2\/pages\/7284","targetHints":{"allow":["GET"]}}],"collection":[{"href":"https:\/\/zsipo5.poznan.pl\/index.php\/wp-json\/wp\/v2\/pages"}],"about":[{"href":"https:\/\/zsipo5.poznan.pl\/index.php\/wp-json\/wp\/v2\/types\/page"}],"author":[{"embeddable":true,"href":"https:\/\/zsipo5.poznan.pl\/index.php\/wp-json\/wp\/v2\/users\/12"}],"replies":[{"embeddable":true,"href":"https:\/\/zsipo5.poznan.pl\/index.php\/wp-json\/wp\/v2\/comments?post=7284"}],"version-history":[{"count":2,"href":"https:\/\/zsipo5.poznan.pl\/index.php\/wp-json\/wp\/v2\/pages\/7284\/revisions"}],"predecessor-version":[{"id":7305,"href":"https:\/\/zsipo5.poznan.pl\/index.php\/wp-json\/wp\/v2\/pages\/7284\/revisions\/7305"}],"wp:attachment":[{"href":"https:\/\/zsipo5.poznan.pl\/index.php\/wp-json\/wp\/v2\/media?parent=7284"}],"curies":[{"name":"wp","href":"https:\/\/api.w.org\/{rel}","templated":true}]}}