{"id":5608,"date":"2025-09-18T08:17:30","date_gmt":"2025-09-18T06:17:30","guid":{"rendered":"https:\/\/zsipo5.poznan.pl\/?page_id=5608"},"modified":"2026-04-13T15:26:28","modified_gmt":"2026-04-13T13:26:28","slug":"dokumenty-szkolne","status":"publish","type":"page","link":"https:\/\/zsipo5.poznan.pl\/index.php\/dokumenty-szkolne\/","title":{"rendered":"Dokumenty szkolne"},"content":{"rendered":"\t\t<div data-elementor-type=\"wp-page\" data-elementor-id=\"5608\" class=\"elementor elementor-5608\" data-elementor-post-type=\"page\">\n\t\t\t\t\t\t<section class=\"elementor-section elementor-top-section elementor-element elementor-element-d1f3ac3 elementor-section-boxed elementor-section-height-default elementor-section-height-default\" data-id=\"d1f3ac3\" data-element_type=\"section\" data-e-type=\"section\">\n\t\t\t\t\t\t<div class=\"elementor-container elementor-column-gap-default\">\n\t\t\t\t\t<div class=\"elementor-column elementor-col-100 elementor-top-column elementor-element elementor-element-d8b06cc\" data-id=\"d8b06cc\" data-element_type=\"column\" data-e-type=\"column\">\n\t\t\t<div class=\"elementor-widget-wrap elementor-element-populated\">\n\t\t\t\t\t\t<div class=\"elementor-element elementor-element-7fb38a4 elementor-widget elementor-widget-text-editor\" data-id=\"7fb38a4\" data-element_type=\"widget\" data-e-type=\"widget\" data-widget_type=\"text-editor.default\">\n\t\t\t\t<div class=\"elementor-widget-container\">\n\t\t\t\t\t\t\t\t\t<div class=\"wp-block-file\"><a id=\"wp-block-file--media-a9c27e2f-1a8d-4db4-988b-305cb99ae985\" href=\"https:\/\/zsipo5.poznan.pl\/wp-content\/uploads\/2026\/04\/REGULAMIN-SWIETLICY-SZKOLY-PODSTAWOWEJ-NR-53-W-POZNANIU.pdf\">Regulamin \u015awietlicy<\/a><\/div>\n<p><!-- \/wp:file --><!-- wp:file {\"id\":5418,\"href\":\"https:\/\/zsipo5.poznan.pl\/wp-content\/uploads\/2025\/09\/karta-zgloszenia-do-swietlicy-25.26.docx\",\"metadata\":{\"name\":\"Karta zg\u0142oszenia do \u015bwietlicy 2025\/2026\"}} --><\/p>\n<div class=\"wp-block-file\"><a id=\"wp-block-file--media-7e1be31e-286a-4aae-a3da-68bc0a12966a\" href=\"https:\/\/zsipo5.poznan.pl\/wp-content\/uploads\/2025\/09\/karta-zgloszenia-do-swietlicy-25.26.docx\">Karta zg\u0142oszenia do \u015bwietlicy 2025\/2026<\/a><\/div>\n<p><!-- \/wp:file --><!-- wp:file {\"id\":5415,\"href\":\"https:\/\/zsipo5.poznan.pl\/wp-content\/uploads\/2025\/09\/PLAN-PRACY-SWIETLICY-SZKOLNEJ-2025.26.docx\",\"metadata\":{\"name\":\"Plan Pracy \u015awietlicy Szkolnej 2025\/2026\"}} --><\/p>\n<div class=\"wp-block-file\"><a id=\"wp-block-file--media-29b70bf7-ba22-473b-8ccf-105cf8521767\" href=\"https:\/\/zsipo5.poznan.pl\/wp-content\/uploads\/2025\/09\/PLAN-PRACY-SWIETLICY-SZKOLNEJ-2025.26.docx\">Plan Pracy \u015awietlicy Szkolnej 2025\/2026<\/a><\/div>\n<p><!-- \/wp:file --><!-- wp:file {\"id\":5426,\"href\":\"https:\/\/zsipo5.poznan.pl\/wp-content\/uploads\/2025\/09\/Plan-dnia-w-swietlicy.docx\"} --><\/p>\n<div class=\"wp-block-file\"><a id=\"wp-block-file--media-9fc34f7e-04fb-45ff-99ee-38f87b507b91\" href=\"https:\/\/zsipo5.poznan.pl\/wp-content\/uploads\/2025\/09\/Plan-dnia-w-swietlicy.docx\">Plan dnia w \u015bwietlicy<\/a><\/div>\n<p><!-- \/wp:file --><!-- wp:file {\"id\":5416,\"href\":\"https:\/\/zsipo5.poznan.pl\/wp-content\/uploads\/2025\/09\/regulamin-wyjazdu-na-baseny.docx\",\"metadata\":{\"name\":\"Regulamin wyjazdu na baseny\"}} --><\/p>\n<div class=\"wp-block-file\"><a id=\"wp-block-file--media-473aab75-4721-4dfe-9c1b-92917adfb164\" href=\"https:\/\/zsipo5.poznan.pl\/wp-content\/uploads\/2025\/09\/regulamin-wyjazdu-na-baseny.docx\">Regulamin wyjazdu na baseny<\/a><\/div>\n<p><!-- \/wp:file --><!-- wp:file {\"id\":5412,\"href\":\"https:\/\/zsipo5.poznan.pl\/wp-content\/uploads\/2025\/09\/Oswiadczenie-o-stanie-zdrowia-baseny.docx\"} --><\/p>\n<div class=\"wp-block-file\"><a id=\"wp-block-file--media-203fd89d-c36a-4b05-ae68-8092552d8ac4\" href=\"https:\/\/zsipo5.poznan.pl\/wp-content\/uploads\/2025\/09\/Oswiadczenie-o-stanie-zdrowia-baseny.docx\">O\u015bwiadczenie o stanie zdrowia baseny<\/a><\/div>\n<p><!-- \/wp:file --><!-- wp:file {\"id\":5417,\"href\":\"https:\/\/zsipo5.poznan.pl\/wp-content\/uploads\/2025\/09\/Umowa-o-Swiadczenie-Uslug-Nauki-Plywania.docx\"} --><\/p>\n<div class=\"wp-block-file\"><a id=\"wp-block-file--media-9abd5991-6f34-42a3-9517-bb42e2af9173\" href=\"https:\/\/zsipo5.poznan.pl\/wp-content\/uploads\/2025\/09\/Umowa-o-Swiadczenie-Uslug-Nauki-Plywania.docx\">Umowa o \u015awiadczenie Us\u0142ug Nauki P\u0142ywania<\/a><\/div>\n<p><!-- \/wp:file --><!-- wp:file {\"id\":5428,\"href\":\"https:\/\/zsipo5.poznan.pl\/wp-content\/uploads\/2025\/09\/Kadra.docx\"} --><\/p>\n<div class=\"wp-block-file\"><a id=\"wp-block-file--media-f9c68645-f787-46b3-b3e8-07da931a549f\" href=\"https:\/\/zsipo5.poznan.pl\/wp-content\/uploads\/2025\/09\/Kadra.docx\">Kadra<\/a><\/div>\n<figure class=\"wp-block-gallery has-nested-images columns-default is-cropped\">\n<p><!-- \/wp:image --><\/p>\n<\/figure>\n<p><!-- \/wp:gallery --><\/p>\t\t\t\t\t\t\t\t<\/div>\n\t\t\t\t<\/div>\n\t\t\t\t\t<\/div>\n\t\t<\/div>\n\t\t\t\t\t<\/div>\n\t\t<\/section>\n\t\t\t\t<\/div>\n\t\t","protected":false},"excerpt":{"rendered":"<p>Regulamin \u015awietlicy Karta zg\u0142oszenia do \u015bwietlicy 2025\/2026 Plan Pracy \u015awietlicy Szkolnej 2025\/2026 Plan dnia w \u015bwietlicy Regulamin wyjazdu na baseny O\u015bwiadczenie o stanie zdrowia baseny Umowa o \u015awiadczenie Us\u0142ug Nauki P\u0142ywania Kadra<\/p>\n","protected":false},"author":12,"featured_media":0,"parent":0,"menu_order":0,"comment_status":"closed","ping_status":"closed","template":"","meta":{"footnotes":""},"class_list":["post-5608","page","type-page","status-publish","hentry"],"_links":{"self":[{"href":"https:\/\/zsipo5.poznan.pl\/index.php\/wp-json\/wp\/v2\/pages\/5608","targetHints":{"allow":["GET"]}}],"collection":[{"href":"https:\/\/zsipo5.poznan.pl\/index.php\/wp-json\/wp\/v2\/pages"}],"about":[{"href":"https:\/\/zsipo5.poznan.pl\/index.php\/wp-json\/wp\/v2\/types\/page"}],"author":[{"embeddable":true,"href":"https:\/\/zsipo5.poznan.pl\/index.php\/wp-json\/wp\/v2\/users\/12"}],"replies":[{"embeddable":true,"href":"https:\/\/zsipo5.poznan.pl\/index.php\/wp-json\/wp\/v2\/comments?post=5608"}],"version-history":[{"count":9,"href":"https:\/\/zsipo5.poznan.pl\/index.php\/wp-json\/wp\/v2\/pages\/5608\/revisions"}],"predecessor-version":[{"id":7561,"href":"https:\/\/zsipo5.poznan.pl\/index.php\/wp-json\/wp\/v2\/pages\/5608\/revisions\/7561"}],"wp:attachment":[{"href":"https:\/\/zsipo5.poznan.pl\/index.php\/wp-json\/wp\/v2\/media?parent=5608"}],"curies":[{"name":"wp","href":"https:\/\/api.w.org\/{rel}","templated":true}]}}