{"id":4705,"date":"2025-05-08T14:09:25","date_gmt":"2025-05-08T12:09:25","guid":{"rendered":"https:\/\/zsipo5.poznan.pl\/?page_id=4705"},"modified":"2026-01-30T16:24:57","modified_gmt":"2026-01-30T15:24:57","slug":"egzamin-osmoklasisty","status":"publish","type":"page","link":"https:\/\/zsipo5.poznan.pl\/index.php\/egzamin-osmoklasisty\/","title":{"rendered":"Egzamin \u00f3smoklasisty"},"content":{"rendered":"\n<p><strong>J\u0119zyk polski \u2013 11 maja 2026 r. <br>Matematyka \u201312 maja 2026 r. <br>J\u0119zyk obcy nowo\u017cytny \u2013 13 maja 2026 r.- <\/strong><\/p>\n\n\n\n<div class=\"wp-block-file\"><a id=\"wp-block-file--media-e27f2ffb-5eec-4b6b-b84f-084f7ec1d642\" href=\"https:\/\/zsipo5.poznan.pl\/wp-content\/uploads\/2026\/01\/Rekrutacja-do-Szkol-Ponadpodstawowych-2026-2027.jpg\">Rekrutacja do Szk\u00f3\u0142 Ponadpodstawowych 2026-2027<\/a><a href=\"https:\/\/zsipo5.poznan.pl\/wp-content\/uploads\/2026\/01\/Rekrutacja-do-Szkol-Ponadpodstawowych-2026-2027.jpg\" class=\"wp-block-file__button wp-element-button\" download aria-describedby=\"wp-block-file--media-e27f2ffb-5eec-4b6b-b84f-084f7ec1d642\">Pobierz<\/a><\/div>\n\n\n\n<div class=\"wp-block-file\"><a id=\"wp-block-file--media-04b9e21d-4601-423d-8fd1-52814aa73d03\" href=\"https:\/\/zsipo5.poznan.pl\/wp-content\/uploads\/2026\/01\/zalacznik-nr-1_szkoly-ponadpodstawowe-klasy-wstepne.pdf\">Szkoly ponadpodstawowe &#8211; klasy wstepne<\/a><a href=\"https:\/\/zsipo5.poznan.pl\/wp-content\/uploads\/2026\/01\/zalacznik-nr-1_szkoly-ponadpodstawowe-klasy-wstepne.pdf\" class=\"wp-block-file__button wp-element-button\" download aria-describedby=\"wp-block-file--media-04b9e21d-4601-423d-8fd1-52814aa73d03\">Pobierz<\/a><\/div>\n\n\n\n<div class=\"wp-block-file\"><a id=\"wp-block-file--media-da59545f-1cf1-47d3-8356-cfb4eac378d7\" href=\"https:\/\/zsipo5.poznan.pl\/wp-content\/uploads\/2025\/09\/Image.pdf\">Informacja o Egzaminie \u00d3smoklasisty dla Rodzic\u00f3w<\/a><a href=\"https:\/\/zsipo5.poznan.pl\/wp-content\/uploads\/2025\/09\/Image.pdf\" class=\"wp-block-file__button wp-element-button\" download aria-describedby=\"wp-block-file--media-da59545f-1cf1-47d3-8356-cfb4eac378d7\">Pobierz<\/a><\/div>\n\n\n\n<div class=\"wp-block-file\"><a id=\"wp-block-file--media-8c9219c4-5071-4f3c-8868-6e465b8a420d\" href=\"https:\/\/zsipo5.poznan.pl\/wp-content\/uploads\/2025\/09\/Wewnatrzszkolne-procedury-przeprowadzenia-egzaminu-osmoklasisty.pdf\">Wewnatrzszkolne procedury przeprowadzenia egzaminu osmoklasisty<\/a><a href=\"https:\/\/zsipo5.poznan.pl\/wp-content\/uploads\/2025\/09\/Wewnatrzszkolne-procedury-przeprowadzenia-egzaminu-osmoklasisty.pdf\" class=\"wp-block-file__button wp-element-button\" download aria-describedby=\"wp-block-file--media-8c9219c4-5071-4f3c-8868-6e465b8a420d\">Pobierz<\/a><\/div>\n\n\n\n<div class=\"wp-block-file\"><a id=\"wp-block-file--media-8c22f9fd-e8c1-40f3-8809-7b05bb8fbf0e\" href=\"https:\/\/zsipo5.poznan.pl\/wp-content\/uploads\/2025\/09\/Informacja-o-sposobie-organizacji-i-przeprowadzania-egzaminu-osmoklasisty-obowiazujaca-w-roku-szkolnym-2025-2026.pdf\">Informacja o sposobie organizacji i przeprowadzania egzaminu \u00f3smoklasisty obowi\u0105zuj\u0105ca w roku szkolnym 2025\/2026<\/a><a href=\"https:\/\/zsipo5.poznan.pl\/wp-content\/uploads\/2025\/09\/Informacja-o-sposobie-organizacji-i-przeprowadzania-egzaminu-osmoklasisty-obowiazujaca-w-roku-szkolnym-2025-2026.pdf\" class=\"wp-block-file__button wp-element-button\" download aria-describedby=\"wp-block-file--media-8c22f9fd-e8c1-40f3-8809-7b05bb8fbf0e\">Pobierz<\/a><\/div>\n\n\n\n<div class=\"wp-block-file\"><a id=\"wp-block-file--media-82dc0b4b-7b44-4780-8cea-d3c6f0bffa29\" href=\"https:\/\/zsipo5.poznan.pl\/wp-content\/uploads\/2025\/09\/INFORMATOR-o-egzaminie-osmoklasisty-od-roku-szkolnego-2024-2025.-Zasady-przeprowadzania-i-przystepowania-do-egzaminu.pdf\">INFORMATOR o egzaminie \u00f3smoklasisty od roku szkolnego 2025-2026. Zasady przeprowadzania i przyst\u0119powania do egzaminu<\/a><a href=\"https:\/\/zsipo5.poznan.pl\/wp-content\/uploads\/2025\/09\/INFORMATOR-o-egzaminie-osmoklasisty-od-roku-szkolnego-2024-2025.-Zasady-przeprowadzania-i-przystepowania-do-egzaminu.pdf\" class=\"wp-block-file__button wp-element-button\" download aria-describedby=\"wp-block-file--media-82dc0b4b-7b44-4780-8cea-d3c6f0bffa29\">Pobierz<\/a><\/div>\n\n\n\n<div class=\"wp-block-file\"><a id=\"wp-block-file--media-6de88f44-cec9-4dec-b091-ebaa1998d6d5\" href=\"https:\/\/zsipo5.poznan.pl\/wp-content\/uploads\/2025\/09\/Komunikat.pdf\">Komunikat dyrektora Centralnej Komisji Egzaminacyjnej z 31 stycznia 2025 r. w sprawie przeprowadzania egzaminu \u00f3smoklasisty<\/a><a href=\"https:\/\/zsipo5.poznan.pl\/wp-content\/uploads\/2025\/09\/Komunikat.pdf\" class=\"wp-block-file__button wp-element-button\" download aria-describedby=\"wp-block-file--media-6de88f44-cec9-4dec-b091-ebaa1998d6d5\">Pobierz<\/a><\/div>\n\n\n\n<p><\/p>\n","protected":false},"excerpt":{"rendered":"<p>J\u0119zyk polski \u2013 11 maja 2026 r. Matematyka \u201312 maja 2026 r. J\u0119zyk obcy nowo\u017cytny \u2013 13 maja 2026 r.-<\/p>\n","protected":false},"author":6,"featured_media":0,"parent":0,"menu_order":0,"comment_status":"closed","ping_status":"closed","template":"","meta":{"footnotes":""},"class_list":["post-4705","page","type-page","status-publish","hentry"],"_links":{"self":[{"href":"https:\/\/zsipo5.poznan.pl\/index.php\/wp-json\/wp\/v2\/pages\/4705","targetHints":{"allow":["GET"]}}],"collection":[{"href":"https:\/\/zsipo5.poznan.pl\/index.php\/wp-json\/wp\/v2\/pages"}],"about":[{"href":"https:\/\/zsipo5.poznan.pl\/index.php\/wp-json\/wp\/v2\/types\/page"}],"author":[{"embeddable":true,"href":"https:\/\/zsipo5.poznan.pl\/index.php\/wp-json\/wp\/v2\/users\/6"}],"replies":[{"embeddable":true,"href":"https:\/\/zsipo5.poznan.pl\/index.php\/wp-json\/wp\/v2\/comments?post=4705"}],"version-history":[{"count":19,"href":"https:\/\/zsipo5.poznan.pl\/index.php\/wp-json\/wp\/v2\/pages\/4705\/revisions"}],"predecessor-version":[{"id":7005,"href":"https:\/\/zsipo5.poznan.pl\/index.php\/wp-json\/wp\/v2\/pages\/4705\/revisions\/7005"}],"wp:attachment":[{"href":"https:\/\/zsipo5.poznan.pl\/index.php\/wp-json\/wp\/v2\/media?parent=4705"}],"curies":[{"name":"wp","href":"https:\/\/api.w.org\/{rel}","templated":true}]}}