{"id":41,"date":"2021-06-23T08:06:59","date_gmt":"2021-06-23T06:06:59","guid":{"rendered":"http:\/\/gluszyna.openworld24.pl\/?page_id=41"},"modified":"2026-03-25T18:06:20","modified_gmt":"2026-03-25T17:06:20","slug":"wynajem-sal","status":"publish","type":"page","link":"https:\/\/zsipo5.poznan.pl\/index.php\/wynajem-sal\/","title":{"rendered":"Wynajem sal"},"content":{"rendered":"\n<div class=\"wp-block-file alignwide\"><a id=\"wp-block-file--media-5229724f-720a-4ce8-a436-4b382b7c3a09\" href=\"https:\/\/zsipo5.poznan.pl\/wp-content\/uploads\/2026\/03\/Regulamin-wynajmu.pdf\">Regulamin wynajmu<\/a><\/div>\n\n\n\n<div class=\"wp-block-file alignwide\"><a id=\"wp-block-file--media-59125551-977d-4f60-bf11-aac3184389b9\" href=\"https:\/\/zsipo5.poznan.pl\/wp-content\/uploads\/2021\/11\/zal-do-zarz.-nr-4-Procedura-organizacji-zajec-dod.-w-rezimie-sanit.-przez-firmy-zewn.docx\">Procedura organizacji zaj\u0119\u0107 dodatkowych przez podmioty zewn\u0119trzne z zachowaniem re\u017cimu sanitarnego<\/a><\/div>\n\n\n\n<div class=\"wp-block-file alignwide\"><a id=\"wp-block-file--media-e45467dd-985f-4ac9-890f-94d5aae36ce4\" href=\"https:\/\/zsipo5.poznan.pl\/wp-content\/uploads\/2025\/10\/Wykaz-cen-za-wynajem-pomieszczen-szkolnych.pdf\">Wykaz cen za wynajem pomieszcze\u0144 szkolnych<\/a><\/div>\n\n\n\n<p>Po wi\u0119cej informacji zapraszamy do kontaktu mailowego z pani\u0105 kierownik <a href=\"mailto:monika.michalak@sp53.edu.pl\" target=\"_blank\" rel=\"noreferrer noopener\">monika.michalak@sp53.edu.pl<\/a> lub telefonicznie 502-442-512 od poniedzia\u0142ku do pi\u0105tku w godzinach od 7.00 do 15.00.<\/p>\n\n\n\n<figure class=\"wp-block-gallery has-nested-images columns-2 is-cropped wp-block-gallery-1 is-layout-flex wp-block-gallery-is-layout-flex\">\n<figure class=\"wp-block-image size-large\"><img fetchpriority=\"high\" decoding=\"async\" width=\"1024\" height=\"683\" data-id=\"1155\" src=\"https:\/\/zsipo5.poznan.pl\/wp-content\/uploads\/2021\/12\/zdjecia-sala-1024x683.jpg\" alt=\"\" class=\"wp-image-1155\" srcset=\"https:\/\/zsipo5.poznan.pl\/wp-content\/uploads\/2021\/12\/zdjecia-sala-1024x683.jpg 1024w, https:\/\/zsipo5.poznan.pl\/wp-content\/uploads\/2021\/12\/zdjecia-sala-300x200.jpg 300w, https:\/\/zsipo5.poznan.pl\/wp-content\/uploads\/2021\/12\/zdjecia-sala-768x512.jpg 768w, https:\/\/zsipo5.poznan.pl\/wp-content\/uploads\/2021\/12\/zdjecia-sala.jpg 1385w\" sizes=\"(max-width: 1024px) 100vw, 1024px\" \/><\/figure>\n\n\n\n<figure class=\"wp-block-image size-large\"><img decoding=\"async\" width=\"653\" height=\"499\" data-id=\"1156\" src=\"https:\/\/zsipo5.poznan.pl\/wp-content\/uploads\/2021\/12\/zdjecie-sala-1.png\" alt=\"\" class=\"wp-image-1156\" srcset=\"https:\/\/zsipo5.poznan.pl\/wp-content\/uploads\/2021\/12\/zdjecie-sala-1.png 653w, https:\/\/zsipo5.poznan.pl\/wp-content\/uploads\/2021\/12\/zdjecie-sala-1-300x229.png 300w\" sizes=\"(max-width: 653px) 100vw, 653px\" \/><\/figure>\n\n\n\n<figure class=\"wp-block-image size-large\"><img decoding=\"async\" width=\"1024\" height=\"590\" data-id=\"1157\" src=\"https:\/\/zsipo5.poznan.pl\/wp-content\/uploads\/2021\/12\/sala-2-1024x590.jpg\" alt=\"\" class=\"wp-image-1157\" srcset=\"https:\/\/zsipo5.poznan.pl\/wp-content\/uploads\/2021\/12\/sala-2-1024x590.jpg 1024w, https:\/\/zsipo5.poznan.pl\/wp-content\/uploads\/2021\/12\/sala-2-300x173.jpg 300w, https:\/\/zsipo5.poznan.pl\/wp-content\/uploads\/2021\/12\/sala-2-768x442.jpg 768w, https:\/\/zsipo5.poznan.pl\/wp-content\/uploads\/2021\/12\/sala-2.jpg 1386w\" sizes=\"(max-width: 1024px) 100vw, 1024px\" \/><\/figure>\n\n\n\n<figure class=\"wp-block-image size-large\"><img loading=\"lazy\" decoding=\"async\" width=\"1024\" height=\"768\" data-id=\"1158\" src=\"https:\/\/zsipo5.poznan.pl\/wp-content\/uploads\/2021\/12\/szatnie-2-1024x768.jpg\" alt=\"\" class=\"wp-image-1158\" srcset=\"https:\/\/zsipo5.poznan.pl\/wp-content\/uploads\/2021\/12\/szatnie-2-1024x768.jpg 1024w, https:\/\/zsipo5.poznan.pl\/wp-content\/uploads\/2021\/12\/szatnie-2-300x225.jpg 300w, https:\/\/zsipo5.poznan.pl\/wp-content\/uploads\/2021\/12\/szatnie-2-768x576.jpg 768w, https:\/\/zsipo5.poznan.pl\/wp-content\/uploads\/2021\/12\/szatnie-2-1536x1152.jpg 1536w, https:\/\/zsipo5.poznan.pl\/wp-content\/uploads\/2021\/12\/szatnie-2-2048x1536.jpg 2048w\" sizes=\"(max-width: 1024px) 100vw, 1024px\" \/><\/figure>\n<\/figure>\n\n\n\n<figure class=\"wp-block-image size-large\"><img loading=\"lazy\" decoding=\"async\" width=\"1024\" height=\"683\" src=\"https:\/\/zsipo5.poznan.pl\/wp-content\/uploads\/2022\/01\/DSC_0302-1024x683.jpg\" alt=\"\" class=\"wp-image-1526\" srcset=\"https:\/\/zsipo5.poznan.pl\/wp-content\/uploads\/2022\/01\/DSC_0302-1024x683.jpg 1024w, https:\/\/zsipo5.poznan.pl\/wp-content\/uploads\/2022\/01\/DSC_0302-300x200.jpg 300w, https:\/\/zsipo5.poznan.pl\/wp-content\/uploads\/2022\/01\/DSC_0302-768x512.jpg 768w, https:\/\/zsipo5.poznan.pl\/wp-content\/uploads\/2022\/01\/DSC_0302-1536x1024.jpg 1536w, https:\/\/zsipo5.poznan.pl\/wp-content\/uploads\/2022\/01\/DSC_0302-2048x1365.jpg 2048w\" sizes=\"(max-width: 1024px) 100vw, 1024px\" \/><\/figure>\n\n\n\n<figure class=\"wp-block-gallery has-nested-images columns-default is-cropped wp-block-gallery-2 is-layout-flex wp-block-gallery-is-layout-flex\">\n<figure class=\"wp-block-image size-large\"><img loading=\"lazy\" decoding=\"async\" width=\"2560\" height=\"1707\" data-id=\"1525\" src=\"https:\/\/zsipo5.poznan.pl\/wp-content\/uploads\/2022\/01\/DSC_0296-scaled.jpg\" alt=\"sala gimnastyczna po remoncie\" class=\"wp-image-1525\" srcset=\"https:\/\/zsipo5.poznan.pl\/wp-content\/uploads\/2022\/01\/DSC_0296-scaled.jpg 2560w, https:\/\/zsipo5.poznan.pl\/wp-content\/uploads\/2022\/01\/DSC_0296-300x200.jpg 300w, https:\/\/zsipo5.poznan.pl\/wp-content\/uploads\/2022\/01\/DSC_0296-1024x683.jpg 1024w, https:\/\/zsipo5.poznan.pl\/wp-content\/uploads\/2022\/01\/DSC_0296-768x512.jpg 768w, https:\/\/zsipo5.poznan.pl\/wp-content\/uploads\/2022\/01\/DSC_0296-1536x1024.jpg 1536w, https:\/\/zsipo5.poznan.pl\/wp-content\/uploads\/2022\/01\/DSC_0296-2048x1365.jpg 2048w\" sizes=\"(max-width: 2560px) 100vw, 2560px\" \/><\/figure>\n\n\n\n<figure class=\"wp-block-image size-large\"><img loading=\"lazy\" decoding=\"async\" width=\"2560\" height=\"1707\" data-id=\"1524\" src=\"https:\/\/zsipo5.poznan.pl\/wp-content\/uploads\/2022\/01\/DSC_0293-scaled.jpg\" alt=\"sala gimnastyczna po remoncie\" class=\"wp-image-1524\" srcset=\"https:\/\/zsipo5.poznan.pl\/wp-content\/uploads\/2022\/01\/DSC_0293-scaled.jpg 2560w, https:\/\/zsipo5.poznan.pl\/wp-content\/uploads\/2022\/01\/DSC_0293-300x200.jpg 300w, https:\/\/zsipo5.poznan.pl\/wp-content\/uploads\/2022\/01\/DSC_0293-1024x683.jpg 1024w, https:\/\/zsipo5.poznan.pl\/wp-content\/uploads\/2022\/01\/DSC_0293-768x512.jpg 768w, https:\/\/zsipo5.poznan.pl\/wp-content\/uploads\/2022\/01\/DSC_0293-1536x1024.jpg 1536w, https:\/\/zsipo5.poznan.pl\/wp-content\/uploads\/2022\/01\/DSC_0293-2048x1365.jpg 2048w\" sizes=\"(max-width: 2560px) 100vw, 2560px\" \/><\/figure>\n<\/figure>\n","protected":false},"excerpt":{"rendered":"<p>Po wi\u0119cej informacji zapraszamy do kontaktu mailowego z pani\u0105 kierownik monika.michalak@sp53.edu.pl lub telefonicznie 502-442-512 od poniedzia\u0142ku do pi\u0105tku w godzinach od 7.00 do 15.00.<\/p>\n","protected":false},"author":1,"featured_media":0,"parent":0,"menu_order":0,"comment_status":"closed","ping_status":"closed","template":"","meta":{"footnotes":""},"class_list":["post-41","page","type-page","status-publish","hentry"],"_links":{"self":[{"href":"https:\/\/zsipo5.poznan.pl\/index.php\/wp-json\/wp\/v2\/pages\/41","targetHints":{"allow":["GET"]}}],"collection":[{"href":"https:\/\/zsipo5.poznan.pl\/index.php\/wp-json\/wp\/v2\/pages"}],"about":[{"href":"https:\/\/zsipo5.poznan.pl\/index.php\/wp-json\/wp\/v2\/types\/page"}],"author":[{"embeddable":true,"href":"https:\/\/zsipo5.poznan.pl\/index.php\/wp-json\/wp\/v2\/users\/1"}],"replies":[{"embeddable":true,"href":"https:\/\/zsipo5.poznan.pl\/index.php\/wp-json\/wp\/v2\/comments?post=41"}],"version-history":[{"count":18,"href":"https:\/\/zsipo5.poznan.pl\/index.php\/wp-json\/wp\/v2\/pages\/41\/revisions"}],"predecessor-version":[{"id":7387,"href":"https:\/\/zsipo5.poznan.pl\/index.php\/wp-json\/wp\/v2\/pages\/41\/revisions\/7387"}],"wp:attachment":[{"href":"https:\/\/zsipo5.poznan.pl\/index.php\/wp-json\/wp\/v2\/media?parent=41"}],"curies":[{"name":"wp","href":"https:\/\/api.w.org\/{rel}","templated":true}]}}