{"id":39,"date":"2021-06-23T08:06:45","date_gmt":"2021-06-23T06:06:45","guid":{"rendered":"http:\/\/gluszyna.openworld24.pl\/?page_id=39"},"modified":"2025-11-19T10:40:30","modified_gmt":"2025-11-19T09:40:30","slug":"oddzialy-przedszkolne","status":"publish","type":"page","link":"https:\/\/zsipo5.poznan.pl\/index.php\/oddzialy-przedszkolne\/","title":{"rendered":"Zaj\u0119cia dodatkowe"},"content":{"rendered":"\n<p><strong>Zaj\u0119cia pozalekcyjne 2025\/2026<\/strong><\/p>\n\n\n\n<figure class=\"wp-block-table\"><table class=\"has-fixed-layout\"><tbody><tr><td><strong>K\u00f3\u0142ko zainteresowa\u0144<\/strong><\/td><td><strong>Nazwa w\u0142asna<\/strong><\/td><td><strong>Prowadz\u0105cy<\/strong><\/td><td><strong>Termin \u2013 dzie\u0144, godzina<\/strong><\/td><td><strong>Data rozpocz\u0119cia<\/strong><\/td><\/tr><tr><td colspan=\"5\"><strong>Zaj\u0119cia bezp\u0142atne<\/strong><strong><\/strong><\/td><\/tr><tr><td><strong>K\u00f3\u0142ko siatkarskie<\/strong><\/td><td><strong>Siatk\u00f3wka dla ka\u017cdego.<\/strong><\/td><td><strong>M.Kaczmarczyk<\/strong><\/td><td><strong>Poniedzia\u0142ek<\/strong> <strong>7.00 &#8211; 8.00<\/strong><\/td><td><strong>29.09.25<\/strong><\/td><\/tr><tr><td><strong>K\u00f3\u0142ko dziennikarskie<\/strong><\/td><td><strong>&nbsp;<\/strong><\/td><td><strong>B. Machowiak<\/strong> <strong>&nbsp;<\/strong><\/td><td><strong>Pi\u0105tek<\/strong> <strong>12.45 &#8211; 13.30<\/strong><\/td><td><strong>30.09.25<\/strong><\/td><\/tr><tr><td><strong>K\u00f3\u0142ko<\/strong> <strong>&nbsp;<\/strong><\/td><td><strong>Bezpieczni w sieci.<\/strong><\/td><td><strong>N. Andrzejewska<\/strong><\/td><td><strong>poniedzia\u0142ek 14.45 &#8211; 15.45<\/strong><\/td><td><strong>29.09.25<\/strong><\/td><\/tr><tr><td><strong>K\u00f3\u0142ko teatralne<\/strong> <strong>&nbsp;<\/strong><\/td><td><strong>&nbsp;<\/strong><\/td><td><strong>F. Fritzkowski<\/strong><\/td><td><strong>\u015broda<\/strong> <strong>14.45 &#8211; 16.20<\/strong><\/td><td><strong>22.09.25<\/strong><\/td><\/tr><tr><td><strong>K\u00f3\u0142ko j\u0119zykowe<\/strong> <strong>&nbsp;<\/strong><\/td><td><strong>j. angielski<\/strong><\/td><td><strong>F. Fritzkowski<\/strong><\/td><td><strong>Poniedzia\u0142ek 8.00-8.45<\/strong><br><strong>Wtorek<\/strong> <strong>8.00 &#8211; 8.45<\/strong><\/td><td><strong>22.09.25<\/strong><\/td><\/tr><tr><td><strong>K\u00f3\u0142ko matematyczne<\/strong><\/td><td><strong>Matematyka<\/strong><\/td><td><strong>K. Wysocka<\/strong><\/td><td><strong>Czwartek<\/strong> <strong>8.55 &#8211; 9.40<\/strong><\/td><td><strong>22.09.25<\/strong><\/td><\/tr><tr><td><strong>Zaj\u0119cia sportowe<\/strong> <strong>&nbsp;<\/strong><\/td><td><strong>Gram w pi\u0142k\u0119<\/strong><\/td><td><strong>T. Ha\u0142upka<\/strong><\/td><td><strong>Poniedzia\u0142ek<\/strong> <strong>15.30 &#8211; 16.30<\/strong><\/td><td><strong>29.09.25<\/strong><\/td><\/tr><tr><td colspan=\"5\"><strong>Zaj\u0119cia p\u0142atne &#8211; za miesi\u0105c<\/strong><\/td><\/tr><tr><td><strong>Taniec<\/strong><\/td><td><strong>Hajdasz<\/strong><\/td><td><strong>&nbsp;<\/strong><\/td><td><strong>czwartki<\/strong> <strong>14.15 &#8211; 15.00<br>159 z\u0142<\/strong><\/td><td><strong>18.09.25<\/strong><\/td><\/tr><tr><td rowspan=\"2\"><strong>Balet<\/strong><\/td><td><strong>Pas de Dominique<\/strong><\/td><td><strong>grupa I<\/strong><\/td><td><strong>Poniedzia\u0142ki 17.00 &#8211; 17.45<\/strong> <strong>140 z\u0142<\/strong><\/td><td><strong>08.09.25<\/strong><\/td><\/tr><tr><td><strong>Pas de Dominique<\/strong><\/td><td><strong>grupa II<\/strong><\/td><td><strong>Poniedzia\u0142ki<\/strong> <strong>17.55 &#8211; 18.40&nbsp;&nbsp;&nbsp;&nbsp;<\/strong> <strong>150 z\u0142<\/strong><\/td><td><strong>08.09.25<\/strong><\/td><\/tr><tr><td><strong>J\u0119z. angielski<\/strong><\/td><td><strong>Sun School<\/strong><\/td><td><strong>Klasy I-III<\/strong><\/td><td><strong>Pi\u0105tki<\/strong> <strong>9.00 &#8211; 10.00 grupa I<\/strong> <strong>250 z\u0142<\/strong><\/td><td><strong>03.10.25<\/strong><\/td><\/tr><tr><td><strong>Minecraft<\/strong><\/td><td><strong>JuniorPlus<\/strong><\/td><td><strong>Klasy 1 &#8211; 3<\/strong><\/td><td><strong>\u015aroda<\/strong> <strong>15.00 &#8211; 15.45<\/strong><\/td><td><strong>15.10.25<\/strong><\/td><\/tr><tr><td><strong>Lekkoatletyka<\/strong><\/td><td><strong>Akademia Lekkoatletyczna Marcina Urbasia<\/strong> <strong>&nbsp;<\/strong><\/td><td><strong>Klasy 1 &#8211; 8<\/strong><\/td><td><strong>\u015aroda<\/strong> <strong>16.00 &#8211; 17.00<\/strong> <strong>Pi\u0105tek<\/strong> <strong>16.00 &#8211; 17.00<\/strong> <strong>150 z\u0142 1 raz w tygodniu<\/strong> <strong>250 z\u0142 2 razy w tygodniu<\/strong><\/td><td><strong>17.09.25<\/strong><\/td><\/tr><tr><td><strong>Majsterkowanie<\/strong> <strong>&nbsp;<\/strong> <strong>&nbsp;<\/strong> <strong>&nbsp;<\/strong><\/td><td><strong>Knock<\/strong> <strong>Knock<\/strong><\/td><td><strong>Klasy 1 &#8211; 3<\/strong><\/td><td><strong>Wtorek ( dwa razy w miesi\u0105cu)<\/strong> <strong>13.45 &#8211; 15.15<\/strong> <strong>100 z\u0142<\/strong><\/td><td><strong>14.10.25<\/strong><\/td><\/tr><tr><td><strong>Gry planszowe<\/strong><\/td><td><strong>Cube<\/strong><\/td><td><strong>Klasy 1 &#8211; 3<\/strong><\/td><td><strong>Czwartek<\/strong> <strong>13.40 &#8211; 14.25<\/strong><\/td><td><strong>6.11.25<\/strong><\/td><\/tr><tr><td><strong>Programowanie<\/strong><\/td><td><strong>Rdin<\/strong><\/td><td><strong>Klasy 1 &#8211; 3<\/strong><\/td><td><strong>Pi\u0105tek<\/strong> <strong>13.35 &#8211; 14.35<\/strong><\/td><td><strong>10.10.25<\/strong><\/td><\/tr><\/tbody><\/table><\/figure>\n","protected":false},"excerpt":{"rendered":"<p>Zaj\u0119cia pozalekcyjne 2025\/2026 K\u00f3\u0142ko zainteresowa\u0144 Nazwa w\u0142asna Prowadz\u0105cy Termin \u2013 dzie\u0144, godzina Data rozpocz\u0119cia Zaj\u0119cia bezp\u0142atne K\u00f3\u0142ko siatkarskie Siatk\u00f3wka dla ka\u017cdego. M.Kaczmarczyk Poniedzia\u0142ek 7.00 &#8211; 8.00 29.09.25 K\u00f3\u0142ko dziennikarskie &nbsp; B. Machowiak &nbsp; Pi\u0105tek 12.45 &#8211; 13.30 30.09.25 K\u00f3\u0142ko &nbsp; Bezpieczni w sieci. N. Andrzejewska poniedzia\u0142ek 14.45 &#8211; 15.45 29.09.25 K\u00f3\u0142ko teatralne &nbsp; &nbsp; F. [&hellip;]<\/p>\n","protected":false},"author":1,"featured_media":546,"parent":0,"menu_order":0,"comment_status":"closed","ping_status":"closed","template":"","meta":{"footnotes":""},"class_list":["post-39","page","type-page","status-publish","has-post-thumbnail","hentry"],"_links":{"self":[{"href":"https:\/\/zsipo5.poznan.pl\/index.php\/wp-json\/wp\/v2\/pages\/39","targetHints":{"allow":["GET"]}}],"collection":[{"href":"https:\/\/zsipo5.poznan.pl\/index.php\/wp-json\/wp\/v2\/pages"}],"about":[{"href":"https:\/\/zsipo5.poznan.pl\/index.php\/wp-json\/wp\/v2\/types\/page"}],"author":[{"embeddable":true,"href":"https:\/\/zsipo5.poznan.pl\/index.php\/wp-json\/wp\/v2\/users\/1"}],"replies":[{"embeddable":true,"href":"https:\/\/zsipo5.poznan.pl\/index.php\/wp-json\/wp\/v2\/comments?post=39"}],"version-history":[{"count":44,"href":"https:\/\/zsipo5.poznan.pl\/index.php\/wp-json\/wp\/v2\/pages\/39\/revisions"}],"predecessor-version":[{"id":6488,"href":"https:\/\/zsipo5.poznan.pl\/index.php\/wp-json\/wp\/v2\/pages\/39\/revisions\/6488"}],"wp:featuredmedia":[{"embeddable":true,"href":"https:\/\/zsipo5.poznan.pl\/index.php\/wp-json\/wp\/v2\/media\/546"}],"wp:attachment":[{"href":"https:\/\/zsipo5.poznan.pl\/index.php\/wp-json\/wp\/v2\/media?parent=39"}],"curies":[{"name":"wp","href":"https:\/\/api.w.org\/{rel}","templated":true}]}}