{"id":347,"date":"2021-11-04T18:31:01","date_gmt":"2021-11-04T17:31:01","guid":{"rendered":"http:\/\/gluszyna.stronaedu.pl\/?page_id=347"},"modified":"2026-04-21T08:17:08","modified_gmt":"2026-04-21T06:17:08","slug":"kadra","status":"publish","type":"page","link":"https:\/\/zsipo5.poznan.pl\/index.php\/swietlica\/kadra\/","title":{"rendered":"Kadra"},"content":{"rendered":"\n<h1 class=\"wp-block-heading\"><strong>Lista nauczycieli&nbsp;&nbsp; rok szkolny 2025\/2026<\/strong><\/h1>\n\n\n\n<p><\/p>\n\n\n\n<figure class=\"wp-block-table\"><table class=\"has-fixed-layout\"><tbody><tr><td><strong>Nazwisko i imi\u0119<\/strong><\/td><td><strong>&nbsp;<\/strong><\/td><\/tr><tr><td>Andra\u0142oj\u0107-Kliks Agata<\/td><td>Nauczyciel j\u0119zyka polskiego<\/td><\/tr><tr><td>Andrzejewska Beata<\/td><td>Nauczyciel logopeda<\/td><\/tr><tr><td>Andrzejewska Natalia<\/td><td>Nauczyciel informatyki<\/td><\/tr><tr><td>B\u0105k Justyna<\/td><td>Pedagog szkolny, nauczyciel doradztwa zawodowego<\/td><\/tr><tr><td>Binkowska Natalia<\/td><td>Nauczyciel edukacji wczesnoszkolnej, wychowawca klasy III a<\/td><\/tr><tr><td>Brudzi\u0144ska Iwona<\/td><td>Nauczyciel edukacji wczesnoszkolnej, wychowawca klasy I a<\/td><\/tr><tr><td>Cybi\u0144ska Katarzyna<\/td><td>Nauczyciel j\u0119zyka polskiego<\/td><\/tr><tr><td>Czekanowicz Hanna<\/td><td>Nauczyciel biologii, geografii, etyki, opiekun samorz\u0105du uczniowskiego, wychowawca klasy IV b<\/td><\/tr><tr><td>Dmiterczuk Julia<\/td><td>Nauczyciel wychowania fizycznego, trener pi\u0142ki siatkowej<\/td><\/tr><tr><td>Dziuba\u0142ka Monika<\/td><td>Pedagog specjalny<\/td><\/tr><tr><td>Ficer Katarzyna<\/td><td>Dyrektor szko\u0142y, nauczyciel historii<\/td><\/tr><tr><td>Fritzkowski Filip<\/td><td>Nauczyciel j\u0119zyka angielskiego, wychowawca klasy IV a<\/td><\/tr><tr><td>Gendera Tomasz<\/td><td>Nauczyciel wychowania fizycznego<\/td><\/tr><tr><td>Ha\u0142upka Anna<\/td><td>Nauczyciel matematyki, informatyki, wychowawca klasy VIII a<\/td><\/tr><tr><td>Ha\u0142upka Tomasz<\/td><td>Nauczyciel wychowania fizycznego, wychowawca klasy V a, trener pi\u0142ki no\u017cnej<\/td><\/tr><tr><td>J\u0119drzejczak-Jaszczyk Anna<\/td><td>Nauczyciel edukacji wczesnoszkolnej, wychowawca klasy III b, nauczyciel wsp\u00f3\u0142organizuj\u0105cy proces kszta\u0142cenia<\/td><\/tr><tr><td>Kaczmarek Monika<\/td><td>Nauczyciel wsp\u00f3\u0142organizuj\u0105cy proces kszta\u0142cenia<\/td><\/tr><tr><td>Kaczmarczyk Marta<\/td><td>Nauczyciel wychowania fizycznego, trener pi\u0142ki siatkowej, wychowawca klasy VIII b<\/td><\/tr><tr><td>Kawka-K\u0119dzierska Joanna<\/td><td>Nauczyciel j\u0119zyka angielskiego, wychowawca klasy VII b<\/td><\/tr><tr><td>Kalemba Martyna<\/td><td>Nauczyciel j\u0119zyka niemieckiego<\/td><\/tr><tr><td>Kocik Marek<\/td><td>Nauczyciel wychowania fizycznego, trener pi\u0142ki siatkowej<\/td><\/tr><tr><td>Kopczy\u0144ska-Urbaniak El\u017cbieta<\/td><td>Nauczyciel matematyki, fizyki, wychowawca klasy V b<\/td><\/tr><tr><td>Kowalska Renata<\/td><td>Nauczyciel religii, muzyki<\/td><\/tr><tr><td>Kwias Agata<\/td><td>Nauczyciel wsp\u00f3\u0142organizuj\u0105cy proces kszta\u0142cenia<\/td><\/tr><tr><td>Mac Zofia<\/td><td>Nauczyciel j\u0119zyka polskiego dla uczni\u00f3w z Ukrainy<\/td><\/tr><tr><td>Machowiak Beata<\/td><td>Nauczyciel bibliotekarz<\/td><\/tr><tr><td>Ma\u0107kowiak Aneta<\/td><td>Nauczyciel j\u0119zyka polskiego, wychowawca klasy VI a<\/td><\/tr><tr><td>Majer Aleksandra<\/td><td>Nauczyciel wychowania fizycznego, trener pi\u0142ki siatkowej<\/td><\/tr><tr><td>Malec Paulina<\/td><td>Nauczyciel \u015bwietlicy<\/td><\/tr><tr><td>Mazur Ma\u0142gorzata<\/td><td>Nauczyciel \u015bwietlicy<\/td><\/tr><tr><td>Molicka-Drzyma\u0142a Joanna<\/td><td>Nauczyciel \u015bwietlicy<\/td><\/tr><tr><td>Moryson El\u017cbieta<\/td><td>Wicedyrektor, nauczyciel j\u0119zyka polskiego dla uczni\u00f3w z Ukrainy<\/td><\/tr><tr><td>Patrzyk\u0105t Beata<\/td><td>Nauczyciel edukacji wczesnoszkolnej, j\u0119zyka hiszpa\u0144skiego, wychowawca klasy II a<\/td><\/tr><tr><td>Pedrycz Antonina<\/td><td>Nauczyciel muzyki, opiekun samorz\u0105du szkolnego, nauczyciel \u015bwietlicy<\/td><\/tr><tr><td>Pietrzykowska Agnieszka<\/td><td>Nauczyciel edukacji wczesnoszkolnej, j\u0119zyka angielskiego, wychowawca klasy I b<\/td><\/tr><tr><td>Pietrzykowska-Korbik Daria<\/td><td>Nauczyciel wsp\u00f3\u0142organizuj\u0105cy proces kszta\u0142cenia, nauczyciel j\u0119zyka angielskiego<\/td><\/tr><tr><td>Pr\u0119tka Magdalena<\/td><td>Nauczyciel religii, techniki, wolontariat<\/td><\/tr><tr><td>Sakowicz Marta<\/td><td>Psycholog, psychoterapeuta<\/td><\/tr><tr><td>Sali\u0144ska Katarzyna<\/td><td>Nauczyciel plastyki<\/td><\/tr><tr><td>Simi\u0144ska Patrycja<\/td><td>Nauczyciel biologii, chemii, edukacji zdrowotnej, kierownik \u015bwietlicy<\/td><\/tr><tr><td>Straszewska Ma\u0142gorzata<\/td><td>Nauczyciel edukacji wczesnoszkolnej, wychowawca klasy II b<\/td><\/tr><tr><td>Syzd\u00f3\u0142 Sylwia<\/td><td>Nauczyciel wsp\u00f3\u0142organizuj\u0105cy proces kszta\u0142cenia, socjoterapeuta, rewalidator<\/td><\/tr><tr><td>Szymanek Grzegorz<\/td><td>Nauczyciel edukacji dla bezpiecze\u0144stwa, wychowania fizycznego<\/td><\/tr><tr><td>Szyma\u0144ski Micha\u0142<\/td><td>Nauczyciel historii, wiedzy o spo\u0142ecze\u0144stwie, wychowawca klasy VII a<\/td><\/tr><tr><td>Wysocka Karina<\/td><td>Nauczyciel matematyki, wychowawca klasy VI b<\/td><\/tr><tr><td>Zaj\u0105czkowska Stanis\u0142awa<\/td><td>Nauczyciel \u015bwietlicy<\/td><\/tr><tr><td>Zarzycka Patrycja<\/td><td>Nauczyciel \u015bwietlicy<\/td><\/tr><\/tbody><\/table><\/figure>\n\n\n\n<p><\/p>\n","protected":false},"excerpt":{"rendered":"<p>Lista nauczycieli&nbsp;&nbsp; rok szkolny 2025\/2026 Nazwisko i imi\u0119 &nbsp; Andra\u0142oj\u0107-Kliks Agata Nauczyciel j\u0119zyka polskiego Andrzejewska Beata Nauczyciel logopeda Andrzejewska Natalia Nauczyciel informatyki B\u0105k Justyna Pedagog szkolny, nauczyciel doradztwa zawodowego Binkowska Natalia Nauczyciel edukacji wczesnoszkolnej, wychowawca klasy III a Brudzi\u0144ska Iwona Nauczyciel edukacji wczesnoszkolnej, wychowawca klasy I a Cybi\u0144ska Katarzyna Nauczyciel j\u0119zyka polskiego Czekanowicz Hanna Nauczyciel [&hellip;]<\/p>\n","protected":false},"author":1,"featured_media":0,"parent":33,"menu_order":0,"comment_status":"closed","ping_status":"closed","template":"","meta":{"footnotes":""},"class_list":["post-347","page","type-page","status-publish","hentry"],"_links":{"self":[{"href":"https:\/\/zsipo5.poznan.pl\/index.php\/wp-json\/wp\/v2\/pages\/347","targetHints":{"allow":["GET"]}}],"collection":[{"href":"https:\/\/zsipo5.poznan.pl\/index.php\/wp-json\/wp\/v2\/pages"}],"about":[{"href":"https:\/\/zsipo5.poznan.pl\/index.php\/wp-json\/wp\/v2\/types\/page"}],"author":[{"embeddable":true,"href":"https:\/\/zsipo5.poznan.pl\/index.php\/wp-json\/wp\/v2\/users\/1"}],"replies":[{"embeddable":true,"href":"https:\/\/zsipo5.poznan.pl\/index.php\/wp-json\/wp\/v2\/comments?post=347"}],"version-history":[{"count":21,"href":"https:\/\/zsipo5.poznan.pl\/index.php\/wp-json\/wp\/v2\/pages\/347\/revisions"}],"predecessor-version":[{"id":7590,"href":"https:\/\/zsipo5.poznan.pl\/index.php\/wp-json\/wp\/v2\/pages\/347\/revisions\/7590"}],"up":[{"embeddable":true,"href":"https:\/\/zsipo5.poznan.pl\/index.php\/wp-json\/wp\/v2\/pages\/33"}],"wp:attachment":[{"href":"https:\/\/zsipo5.poznan.pl\/index.php\/wp-json\/wp\/v2\/media?parent=347"}],"curies":[{"name":"wp","href":"https:\/\/api.w.org\/{rel}","templated":true}]}}