{"id":320,"date":"2021-11-03T19:50:24","date_gmt":"2021-11-03T18:50:24","guid":{"rendered":"http:\/\/gluszyna.stronaedu.pl\/?page_id=320"},"modified":"2021-11-03T19:50:24","modified_gmt":"2021-11-03T18:50:24","slug":"lektury-klasy-7-8","status":"publish","type":"page","link":"https:\/\/zsipo5.poznan.pl\/index.php\/biblioteka\/lektury-klasy-7-8\/","title":{"rendered":"Lektury klasy 7-8"},"content":{"rendered":"\n<p>Aktualna podstawa programowa zawiera rekomendacje lektur dla klas 7 -8,<\/p>\n\n\n\n<p>do decyzji nauczyciela pozostaje wyb\u00f3r lektur w poszczeg\u00f3lnych klasach.<\/p>\n\n\n\n<ol class=\"wp-block-list\"><li>Charles Dickens, Opowie\u015b\u0107 wigilijna;<\/li><li>Aleksander Fredro, Zemsta;<\/li><li>Jan Kochanowski, wyb\u00f3r fraszek, pie\u015bni i tren\u00f3w, w tym tren I, V, VII i VIII;<\/li><li>Aleksander Kami\u0144ski, Kamienie na szaniec;<\/li><li>Ignacy Krasicki, \u017bona modna;<\/li><li>Adam Mickiewicz, Reduta Ordona, \u015amier\u0107 Pu\u0142kownika, \u015awitezianka, Dziady cz\u0119\u015b\u0107 II, wybrany utw\u00f3r z cyklu Sonety krymskie, Pan Tadeusz (ca\u0142o\u015b\u0107);<\/li><li>Antoine de Saint-Exup\u00e9ry, Ma\u0142y Ksi\u0105\u017c\u0119;<\/li><li>Henryk Sienkiewicz, Quo vadis, Latarnik;<\/li><li>Juliusz S\u0142owacki, Balladyna;<\/li><li>Stefan \u017beromski, Syzyfowe prace;<\/li><li>S\u0142awomir Mro\u017cek, Artysta;<\/li><li>Melchior Wa\u0144kowicz, Ziele na kraterze (fragmenty), T\u0119dy i ow\u0119dy (wybrany reporta\u017c). Wybrane wiersze poet\u00f3w wskazanych w klasach IV\u2013VI, a ponadto Krzysztofa Kamila Baczy\u0144skiego, Stanis\u0142awa Bara\u0144czaka, Cypriana Norwida, Boles\u0142awa Le\u015bmiana, Mariana Hemara, Jaros\u0142awa Marka Rymkiewicza, Wis\u0142awy Szymborskiej, Kazimierza Wierzy\u0144skiego, Jana Lechonia, Jerzego Lieberta oraz fraszki Jana Sztaudyngera i aforyzmy Stanis\u0142awa Jerzego Leca.<br><br>Wybrane wiersze poet\u00f3w wskazanych w klasach IV\u2013VI, a ponadto Krzysztofa Kamila Baczy\u0144skiego, Stanis\u0142awa Bara\u0144czaka, Cypriana Norwida, Boles\u0142awa Le\u015bmiana, Mariana Hemara, Jaros\u0142awa Marka Rymkiewicza, Wis\u0142awy Szymborskiej, Kazimierza Wierzy\u0144skiego, Jana Lechonia, Jerzego Lieberta oraz fraszki Jana Sztaudyngera i aforyzmy Stanis\u0142awa Jerzego Leca.<\/li><\/ol>\n\n\n\n<p>&nbsp; Lektury uzupe\u0142niaj\u0105ce: &nbsp;<\/p>\n\n\n\n<ol class=\"wp-block-list\"><li>Miron Bia\u0142oszewski, Pami\u0119tnik z powstania warszawskiego (fragmenty);<\/li><li>Agatha Christie, wybrana powie\u015b\u0107 kryminalna;<\/li><li>Arkady Fiedler, Dywizjon 303;<\/li><li>Ernest Hemingway, Stary cz\u0142owiek i morze;<\/li><li>Barbara Kosmowska, Poz\u0142acana rybka;<\/li><li>Jan Pawe\u0142 II, Przekroczy\u0107 pr\u00f3g nadziei (fragmenty);<\/li><li>Nancy H. Kleinbaum, Stowarzyszenie Umar\u0142ych Poet\u00f3w;<\/li><li>Henryk Sienkiewicz, Krzy\u017cacy;<\/li><li>Eric-Emmanuel Schmitt, Oskar i pani R\u00f3\u017ca;<\/li><li>Melchior Wa\u0144kowicz, Monte Cassino (fragmenty);<\/li><li>Karolina Lanckoro\u0144ska, Wspomnienia wojenne 22 IX 1939\u20135 IV 1945 (fragmenty) lub inne utwory literackie i teksty kultury wybrane przez nauczyciela, w tym wiersze poet\u00f3w wsp\u00f3\u0142czesnych i reporta\u017ce.<\/li><\/ol>\n","protected":false},"excerpt":{"rendered":"<p>Aktualna podstawa programowa zawiera rekomendacje lektur dla klas 7 -8, do decyzji nauczyciela pozostaje wyb\u00f3r lektur w poszczeg\u00f3lnych klasach. Charles Dickens, Opowie\u015b\u0107 wigilijna; Aleksander Fredro, Zemsta; Jan Kochanowski, wyb\u00f3r fraszek, pie\u015bni i tren\u00f3w, w tym tren I, V, VII i VIII; Aleksander Kami\u0144ski, Kamienie na szaniec; Ignacy Krasicki, \u017bona modna; Adam Mickiewicz, Reduta Ordona, \u015amier\u0107 [&hellip;]<\/p>\n","protected":false},"author":1,"featured_media":0,"parent":47,"menu_order":0,"comment_status":"closed","ping_status":"closed","template":"","meta":{"footnotes":""},"class_list":["post-320","page","type-page","status-publish","hentry"],"_links":{"self":[{"href":"https:\/\/zsipo5.poznan.pl\/index.php\/wp-json\/wp\/v2\/pages\/320","targetHints":{"allow":["GET"]}}],"collection":[{"href":"https:\/\/zsipo5.poznan.pl\/index.php\/wp-json\/wp\/v2\/pages"}],"about":[{"href":"https:\/\/zsipo5.poznan.pl\/index.php\/wp-json\/wp\/v2\/types\/page"}],"author":[{"embeddable":true,"href":"https:\/\/zsipo5.poznan.pl\/index.php\/wp-json\/wp\/v2\/users\/1"}],"replies":[{"embeddable":true,"href":"https:\/\/zsipo5.poznan.pl\/index.php\/wp-json\/wp\/v2\/comments?post=320"}],"version-history":[{"count":1,"href":"https:\/\/zsipo5.poznan.pl\/index.php\/wp-json\/wp\/v2\/pages\/320\/revisions"}],"predecessor-version":[{"id":321,"href":"https:\/\/zsipo5.poznan.pl\/index.php\/wp-json\/wp\/v2\/pages\/320\/revisions\/321"}],"up":[{"embeddable":true,"href":"https:\/\/zsipo5.poznan.pl\/index.php\/wp-json\/wp\/v2\/pages\/47"}],"wp:attachment":[{"href":"https:\/\/zsipo5.poznan.pl\/index.php\/wp-json\/wp\/v2\/media?parent=320"}],"curies":[{"name":"wp","href":"https:\/\/api.w.org\/{rel}","templated":true}]}}