{"id":23,"date":"2021-06-23T08:00:31","date_gmt":"2021-06-23T06:00:31","guid":{"rendered":"http:\/\/gluszyna.openworld24.pl\/?page_id=23"},"modified":"2026-03-31T10:48:32","modified_gmt":"2026-03-31T08:48:32","slug":"nabor","status":"publish","type":"page","link":"https:\/\/zsipo5.poznan.pl\/index.php\/nabor\/","title":{"rendered":"Nab\u00f3r 2026\/2027"},"content":{"rendered":"\n<p>Zapraszamy na <strong><a href=\"https:\/\/view.genially.com\/67d2df3ffe6a37a09a613afb\/presentation-drzwi-otwarte-2025\">WIRTUALNE DRZWI OTWARTE<\/a><\/strong> w SP 53.<\/p>\n\n\n\n<p>W przypadku pyta\u0144 prosimy o kontakt telefoniczny- (61) 878-80-06<\/p>\n\n\n\n<p>Wszystkie informacje s\u0105 dost\u0119pne na stronie&nbsp;<a href=\"https:\/\/nabor.pcss.pl\/poznan\/szkolapodstawowa\/\" target=\"_blank\" rel=\"noreferrer noopener\">https:\/\/nabor.pcss.pl\/poznan\/szkolapodstawowa\/<\/a><\/p>\n\n\n\n<div class=\"wp-block-file\"><a id=\"wp-block-file--media-340b934f-d85d-43cb-af34-fdfc8e2ec78a\" href=\"https:\/\/zsipo5.poznan.pl\/wp-content\/uploads\/2026\/03\/Harmonogram-naboru-2026.doc\">Harmonogram naboru 2026<\/a><\/div>\n\n\n\n<div class=\"wp-block-file\"><a id=\"wp-block-file--media-30ef01e1-837f-40c3-8a3a-23c13a9433ac\" href=\"https:\/\/zsipo5.poznan.pl\/wp-content\/uploads\/2026\/03\/Zasady-rekrutacji-1.pdf\">Zasady rekrutacji<\/a><\/div>\n\n\n\n<div class=\"wp-block-file\"><a id=\"wp-block-file--media-a16e7551-1206-4870-b0f0-b355233e159e\" href=\"https:\/\/zsipo5.poznan.pl\/wp-content\/uploads\/2026\/03\/Potwierdzenie-woli-zapisu-dziecka-do-I-klasy-szkoly-podstawowej.pdf\">Potwierdzenie woli zapisu dziecka do I klasy szko\u0142y podstawowej<\/a><\/div>\n\n\n\n<div class=\"wp-block-file\"><a id=\"wp-block-file--media-37004230-1c90-4d6a-874f-6868f5a6e5e4\" href=\"https:\/\/zsipo5.poznan.pl\/wp-content\/uploads\/2026\/03\/Oswiadczenie-oddzial-sportowy.pdf\">O\u015bwiadczenie &#8211; oddzia\u0142 sportowy<\/a><\/div>\n\n\n\n<div class=\"wp-block-file\"><a id=\"wp-block-file--media-585e3bf5-0d37-40fd-ad94-4e5265475d60\" href=\"https:\/\/zsipo5.poznan.pl\/wp-content\/uploads\/2026\/03\/Oswiadczenie-nr-1.pdf\">O\u015bwiadczenie nr 1<\/a><\/div>\n\n\n\n<div class=\"wp-block-file\"><a id=\"wp-block-file--media-eb1521af-1bfa-4774-8d80-1a7750647f33\" href=\"https:\/\/zsipo5.poznan.pl\/wp-content\/uploads\/2026\/03\/Jak-wypelnic-zgloszenie-do-klasy-I-SP-instrukcje.pdf\">Jak wype\u0142ni\u0107 zg\u0142oszenie do klasy I SP &#8211; instrukcje<\/a><\/div>\n\n\n\n<div class=\"wp-block-file\"><a id=\"wp-block-file--media-3524f422-7e3a-4ec4-8a6f-9d1fd1e96597\" href=\"https:\/\/zsipo5.poznan.pl\/wp-content\/uploads\/2026\/03\/Informator-dla-rodzicow-dzieci-rozpoczynajaych-w-roku-szkolnym-2026-2027-nauke-w-I-klasie-szkoly-podstawowej.pdf\">Informator dla rodzic\u00f3w dzieci rozpoczynaj\u0105cych w roku szkolnym 2026\/2027 nauk\u0119 w I klasie szko\u0142y podstawowej<\/a><\/div>\n\n\n\n<figure class=\"wp-block-gallery has-nested-images columns-default is-cropped wp-block-gallery-1 is-layout-flex wp-block-gallery-is-layout-flex\">\n<figure class=\"wp-block-image size-large\"><img fetchpriority=\"high\" decoding=\"async\" width=\"724\" height=\"1024\" data-id=\"7276\" src=\"https:\/\/zsipo5.poznan.pl\/wp-content\/uploads\/2026\/03\/Serdecznie-zapraszamy-na-Dzien-otwarty-20-marca-godz.-1700-1900-724x1024.png\" alt=\"\" class=\"wp-image-7276\" srcset=\"https:\/\/zsipo5.poznan.pl\/wp-content\/uploads\/2026\/03\/Serdecznie-zapraszamy-na-Dzien-otwarty-20-marca-godz.-1700-1900-724x1024.png 724w, https:\/\/zsipo5.poznan.pl\/wp-content\/uploads\/2026\/03\/Serdecznie-zapraszamy-na-Dzien-otwarty-20-marca-godz.-1700-1900-212x300.png 212w, https:\/\/zsipo5.poznan.pl\/wp-content\/uploads\/2026\/03\/Serdecznie-zapraszamy-na-Dzien-otwarty-20-marca-godz.-1700-1900-768x1086.png 768w, https:\/\/zsipo5.poznan.pl\/wp-content\/uploads\/2026\/03\/Serdecznie-zapraszamy-na-Dzien-otwarty-20-marca-godz.-1700-1900-1086x1536.png 1086w, https:\/\/zsipo5.poznan.pl\/wp-content\/uploads\/2026\/03\/Serdecznie-zapraszamy-na-Dzien-otwarty-20-marca-godz.-1700-1900.png 1414w\" sizes=\"(max-width: 724px) 100vw, 724px\" \/><\/figure>\n\n\n\n<figure class=\"wp-block-image size-large\"><img decoding=\"async\" width=\"724\" height=\"1024\" data-id=\"7278\" src=\"https:\/\/zsipo5.poznan.pl\/wp-content\/uploads\/2026\/03\/Serdecznie-zapraszamy-na-Dzien-otwarty-20-marca-godz.-1700-1900-1-724x1024.png\" alt=\"\" class=\"wp-image-7278\" srcset=\"https:\/\/zsipo5.poznan.pl\/wp-content\/uploads\/2026\/03\/Serdecznie-zapraszamy-na-Dzien-otwarty-20-marca-godz.-1700-1900-1-724x1024.png 724w, https:\/\/zsipo5.poznan.pl\/wp-content\/uploads\/2026\/03\/Serdecznie-zapraszamy-na-Dzien-otwarty-20-marca-godz.-1700-1900-1-212x300.png 212w, https:\/\/zsipo5.poznan.pl\/wp-content\/uploads\/2026\/03\/Serdecznie-zapraszamy-na-Dzien-otwarty-20-marca-godz.-1700-1900-1-768x1086.png 768w, https:\/\/zsipo5.poznan.pl\/wp-content\/uploads\/2026\/03\/Serdecznie-zapraszamy-na-Dzien-otwarty-20-marca-godz.-1700-1900-1-1086x1536.png 1086w, https:\/\/zsipo5.poznan.pl\/wp-content\/uploads\/2026\/03\/Serdecznie-zapraszamy-na-Dzien-otwarty-20-marca-godz.-1700-1900-1.png 1414w\" sizes=\"(max-width: 724px) 100vw, 724px\" \/><\/figure>\n<\/figure>\n\n\n\n<p><\/p>\n","protected":false},"excerpt":{"rendered":"<p>Zapraszamy na WIRTUALNE DRZWI OTWARTE w SP 53. W przypadku pyta\u0144 prosimy o kontakt telefoniczny- (61) 878-80-06 Wszystkie informacje s\u0105 dost\u0119pne na stronie&nbsp;https:\/\/nabor.pcss.pl\/poznan\/szkolapodstawowa\/<\/p>\n","protected":false},"author":1,"featured_media":0,"parent":0,"menu_order":0,"comment_status":"closed","ping_status":"closed","template":"","meta":{"footnotes":""},"class_list":["post-23","page","type-page","status-publish","hentry"],"_links":{"self":[{"href":"https:\/\/zsipo5.poznan.pl\/index.php\/wp-json\/wp\/v2\/pages\/23","targetHints":{"allow":["GET"]}}],"collection":[{"href":"https:\/\/zsipo5.poznan.pl\/index.php\/wp-json\/wp\/v2\/pages"}],"about":[{"href":"https:\/\/zsipo5.poznan.pl\/index.php\/wp-json\/wp\/v2\/types\/page"}],"author":[{"embeddable":true,"href":"https:\/\/zsipo5.poznan.pl\/index.php\/wp-json\/wp\/v2\/users\/1"}],"replies":[{"embeddable":true,"href":"https:\/\/zsipo5.poznan.pl\/index.php\/wp-json\/wp\/v2\/comments?post=23"}],"version-history":[{"count":28,"href":"https:\/\/zsipo5.poznan.pl\/index.php\/wp-json\/wp\/v2\/pages\/23\/revisions"}],"predecessor-version":[{"id":7421,"href":"https:\/\/zsipo5.poznan.pl\/index.php\/wp-json\/wp\/v2\/pages\/23\/revisions\/7421"}],"wp:attachment":[{"href":"https:\/\/zsipo5.poznan.pl\/index.php\/wp-json\/wp\/v2\/media?parent=23"}],"curies":[{"name":"wp","href":"https:\/\/api.w.org\/{rel}","templated":true}]}}